Last updated on 2025-02-16 10:50:46 CET.
Flavor | Version | Tinstall | Tcheck | Ttotal | Status | Flags |
---|---|---|---|---|---|---|
r-devel-linux-x86_64-debian-clang | 1.0.1 | 2.62 | 17.79 | 20.41 | OK | |
r-devel-linux-x86_64-debian-gcc | 1.0.1 | 1.84 | 14.29 | 16.13 | OK | |
r-devel-linux-x86_64-fedora-clang | 1.0.1 | 33.23 | NOTE | |||
r-devel-linux-x86_64-fedora-gcc | 1.0.1 | 30.90 | NOTE | |||
r-devel-macos-arm64 | 1.0.1 | 22.00 | OK | |||
r-devel-macos-x86_64 | 1.0.1 | 30.00 | OK | |||
r-devel-windows-x86_64 | 1.0.1 | 3.00 | 40.00 | 43.00 | OK | |
r-patched-linux-x86_64 | 1.0.1 | 2.52 | 16.70 | 19.22 | OK | |
r-release-linux-x86_64 | 1.0.1 | 2.42 | 16.73 | 19.15 | OK | |
r-release-macos-arm64 | 1.0.1 | 21.00 | OK | |||
r-release-macos-x86_64 | 1.0.1 | 24.00 | OK | |||
r-release-windows-x86_64 | 1.0.1 | 4.00 | 39.00 | 43.00 | OK | |
r-oldrel-macos-arm64 | 1.0.1 | 17.00 | OK | |||
r-oldrel-macos-x86_64 | 1.0.1 | 23.00 | OK | |||
r-oldrel-windows-x86_64 | 1.0.1 | 4.00 | 42.00 | 46.00 | OK |
Version: 1.0.1
Check: dependencies in R code
Result: NOTE
Namespaces in Imports field not imported from:
‘R6’ ‘httr’ ‘jsonlite’
All declared Imports should be used.
Flavors: r-devel-linux-x86_64-fedora-clang, r-devel-linux-x86_64-fedora-gcc
These binaries (installable software) and packages are in development.
They may not be fully stable and should be used with caution. We make no claims about them.