CRAN Package Check Results for Package FormShare

Last updated on 2025-05-08 04:52:05 CEST.

Flavor Version Tinstall Tcheck Ttotal Status Flags
r-devel-linux-x86_64-debian-clang 1.0.1 2.53 18.94 21.47 OK
r-devel-linux-x86_64-debian-gcc 1.0.1 1.56 15.92 17.48 OK
r-devel-linux-x86_64-fedora-clang 1.0.1 32.24 NOTE
r-devel-linux-x86_64-fedora-gcc 1.0.1 30.75 NOTE
r-devel-windows-x86_64 1.0.1 3.00 38.00 41.00 OK
r-patched-linux-x86_64 1.0.1 2.58 17.44 20.02 OK
r-release-linux-x86_64 1.0.1 2.39 17.13 19.52 OK
r-release-macos-arm64 1.0.1 22.00 OK
r-release-macos-x86_64 1.0.1 28.00 OK
r-release-windows-x86_64 1.0.1 4.00 41.00 45.00 OK
r-oldrel-macos-arm64 1.0.1 21.00 OK
r-oldrel-macos-x86_64 1.0.1 24.00 OK
r-oldrel-windows-x86_64 1.0.1 4.00 42.00 46.00 OK

Check Details

Version: 1.0.1
Check: dependencies in R code
Result: NOTE Namespaces in Imports field not imported from: ‘R6’ ‘httr’ ‘jsonlite’ All declared Imports should be used. Flavors: r-devel-linux-x86_64-fedora-clang, r-devel-linux-x86_64-fedora-gcc

These binaries (installable software) and packages are in development.
They may not be fully stable and should be used with caution. We make no claims about them.