Last updated on 2025-02-21 20:50:58 CET.
Flavor | Version | Tinstall | Tcheck | Ttotal | Status | Flags |
---|---|---|---|---|---|---|
r-devel-linux-x86_64-debian-clang | 1.1.2 | 7.20 | 53.56 | 60.76 | OK | |
r-devel-linux-x86_64-debian-gcc | 1.1.2 | 4.99 | 40.94 | 45.93 | OK | |
r-devel-linux-x86_64-fedora-clang | 1.1.2 | 95.90 | NOTE | |||
r-devel-linux-x86_64-fedora-gcc | 1.1.2 | 105.13 | NOTE | |||
r-devel-macos-arm64 | 1.1.2 | 40.00 | OK | |||
r-devel-macos-x86_64 | 1.1.2 | 68.00 | OK | |||
r-devel-windows-x86_64 | 1.1.2 | 8.00 | 67.00 | 75.00 | OK | |
r-patched-linux-x86_64 | 1.1.2 | 5.85 | 50.13 | 55.98 | OK | |
r-release-linux-x86_64 | 1.1.2 | 5.90 | 50.39 | 56.29 | OK | |
r-release-macos-arm64 | 1.1.2 | 30.00 | OK | |||
r-release-macos-x86_64 | 1.1.2 | 43.00 | OK | |||
r-release-windows-x86_64 | 1.1.2 | 10.00 | 66.00 | 76.00 | OK | |
r-oldrel-macos-arm64 | 1.1.2 | 34.00 | OK | |||
r-oldrel-macos-x86_64 | 1.1.2 | 52.00 | OK | |||
r-oldrel-windows-x86_64 | 1.1.2 | 10.00 | 77.00 | 87.00 | OK |
Version: 1.1.2
Check: dependencies in R code
Result: NOTE
Namespaces in Imports field not imported from:
‘TreeSim’ ‘shinyjs’
All declared Imports should be used.
Flavors: r-devel-linux-x86_64-fedora-clang, r-devel-linux-x86_64-fedora-gcc
These binaries (installable software) and packages are in development.
They may not be fully stable and should be used with caution. We make no claims about them.