Last updated on 2025-07-26 01:50:50 CEST.
Flavor | Version | Tinstall | Tcheck | Ttotal | Status | Flags |
---|---|---|---|---|---|---|
r-devel-linux-x86_64-debian-clang | 1.1.2 | 6.65 | 61.73 | 68.38 | OK | |
r-devel-linux-x86_64-debian-gcc | 1.1.2 | 4.78 | 43.83 | 48.61 | OK | |
r-devel-linux-x86_64-fedora-clang | 1.1.2 | 113.09 | NOTE | |||
r-devel-linux-x86_64-fedora-gcc | 1.1.2 | 111.09 | NOTE | |||
r-devel-windows-x86_64 | 1.1.2 | 11.00 | 71.00 | 82.00 | OK | |
r-patched-linux-x86_64 | 1.1.2 | 6.88 | 55.97 | 62.85 | OK | |
r-release-linux-x86_64 | 1.1.2 | 6.52 | 55.89 | 62.41 | OK | |
r-release-macos-arm64 | 1.1.2 | 39.00 | OK | |||
r-release-macos-x86_64 | 1.1.2 | 68.00 | OK | |||
r-release-windows-x86_64 | 1.1.2 | 10.00 | 72.00 | 82.00 | OK | |
r-oldrel-macos-arm64 | 1.1.2 | 30.00 | OK | |||
r-oldrel-macos-x86_64 | 1.1.2 | 43.00 | OK | |||
r-oldrel-windows-x86_64 | 1.1.2 | 11.00 | 87.00 | 98.00 | OK |
Version: 1.1.2
Check: dependencies in R code
Result: NOTE
Namespaces in Imports field not imported from:
‘TreeSim’ ‘shinyjs’
All declared Imports should be used.
Flavors: r-devel-linux-x86_64-fedora-clang, r-devel-linux-x86_64-fedora-gcc
These binaries (installable software) and packages are in development.
They may not be fully stable and should be used with caution. We make no claims about them.