CRAN Package Check Results for Package FourWayHMM

Last updated on 2025-02-19 18:51:04 CET.

Flavor Version Tinstall Tcheck Ttotal Status Flags
r-devel-linux-x86_64-debian-clang 1.0.0 2.66 23.07 25.73 OK
r-devel-linux-x86_64-debian-gcc 1.0.0 2.10 17.99 20.09 OK
r-devel-linux-x86_64-fedora-clang 1.0.0 42.69 NOTE
r-devel-linux-x86_64-fedora-gcc 1.0.0 40.63 NOTE
r-devel-macos-arm64 1.0.0 19.00 OK
r-devel-macos-x86_64 1.0.0 31.00 OK
r-devel-windows-x86_64 1.0.0 5.00 45.00 50.00 OK
r-patched-linux-x86_64 1.0.0 3.21 22.43 25.64 OK
r-release-linux-x86_64 1.0.0 3.06 22.65 25.71 OK
r-release-macos-arm64 1.0.0 18.00 OK
r-release-macos-x86_64 1.0.0 37.00 OK
r-release-windows-x86_64 1.0.0 5.00 45.00 50.00 OK
r-oldrel-macos-arm64 1.0.0 20.00 OK
r-oldrel-macos-x86_64 1.0.0 25.00 OK
r-oldrel-windows-x86_64 1.0.0 6.00 70.00 76.00 OK

Check Details

Version: 1.0.0
Check: dependencies in R code
Result: NOTE Namespace in Imports field not imported from: ‘LaplacesDemon’ All declared Imports should be used. Flavors: r-devel-linux-x86_64-fedora-clang, r-devel-linux-x86_64-fedora-gcc

These binaries (installable software) and packages are in development.
They may not be fully stable and should be used with caution. We make no claims about them.