Last updated on 2025-02-23 07:51:53 CET.
Flavor | Version | Tinstall | Tcheck | Ttotal | Status | Flags |
---|---|---|---|---|---|---|
r-devel-linux-x86_64-debian-clang | 2.3-3 | 15.38 | 138.25 | 153.63 | NOTE | |
r-devel-linux-x86_64-debian-gcc | 2.3-3 | 11.54 | 90.18 | 101.72 | NOTE | |
r-devel-linux-x86_64-fedora-clang | 2.3-3 | 247.85 | OK | |||
r-devel-linux-x86_64-fedora-gcc | 2.3-3 | 236.94 | OK | |||
r-devel-macos-arm64 | 2.3-3 | 57.00 | OK | |||
r-devel-macos-x86_64 | 2.3-3 | 130.00 | OK | |||
r-devel-windows-x86_64 | 2.3-3 | 15.00 | 149.00 | 164.00 | NOTE | |
r-patched-linux-x86_64 | 2.3-3 | 19.88 | 127.93 | 147.81 | OK | |
r-release-linux-x86_64 | 2.3-3 | 15.88 | 129.32 | 145.20 | OK | |
r-release-macos-arm64 | 2.3-3 | 56.00 | OK | |||
r-release-macos-x86_64 | 2.3-3 | 97.00 | OK | |||
r-release-windows-x86_64 | 2.3-3 | 18.00 | 141.00 | 159.00 | OK | |
r-oldrel-macos-arm64 | 2.3-3 | 55.00 | OK | |||
r-oldrel-macos-x86_64 | 2.3-3 | 184.00 | OK | |||
r-oldrel-windows-x86_64 | 2.3-3 | 23.00 | 181.00 | 204.00 | OK |
Version: 2.3-3
Check: Rd cross-references
Result: NOTE
Found the following Rd file(s) with Rd \link{} targets missing package
anchors:
FrF2Large.Rd: Letters
makecatlg.Rd: Letters
pb.Rd: generalized.word.length, length3, length4
Please provide package anchors for all Rd \link{} targets not in the
package itself and the base packages.
Flavors: r-devel-linux-x86_64-debian-clang, r-devel-linux-x86_64-debian-gcc, r-devel-windows-x86_64
These binaries (installable software) and packages are in development.
They may not be fully stable and should be used with caution. We make no claims about them.