Last updated on 2025-05-01 14:49:10 CEST.
Flavor | Version | Tinstall | Tcheck | Ttotal | Status | Flags |
---|---|---|---|---|---|---|
r-devel-linux-x86_64-debian-clang | 0.2.1 | 21.88 | 105.71 | 127.59 | NOTE | |
r-devel-linux-x86_64-debian-gcc | 0.2.1 | 12.06 | 69.97 | 82.03 | NOTE | |
r-devel-linux-x86_64-fedora-clang | 0.2.1 | 200.78 | OK | |||
r-devel-linux-x86_64-fedora-gcc | 0.2.1 | 211.67 | OK | |||
r-devel-windows-x86_64 | 0.2.1 | 17.00 | 142.00 | 159.00 | OK | |
r-patched-linux-x86_64 | 0.2.1 | 20.64 | 99.28 | 119.92 | OK | |
r-release-linux-x86_64 | OK | |||||
r-release-macos-arm64 | 0.2.1 | 53.00 | OK | |||
r-release-macos-x86_64 | 0.2.1 | 111.00 | OK | |||
r-release-windows-x86_64 | 0.2.1 | 16.00 | 151.00 | 167.00 | OK | |
r-oldrel-macos-arm64 | 0.2.1 | 51.00 | OK | |||
r-oldrel-macos-x86_64 | 0.2.1 | 98.00 | OK | |||
r-oldrel-windows-x86_64 | 0.2.1 | 17.00 | 153.00 | 170.00 | OK |
Version: 0.2.1
Check: CRAN incoming feasibility
Result: NOTE
Maintainer: ‘David Molina <dmolinam@ugr.es>’
No Authors@R field in DESCRIPTION.
Please add one, modifying
Authors@R: c(person(given = "Antonio",
family = "Arcos",
role = "aut",
email = "arcos@ugr.es"),
person(given = c("Maria", "del", "Mar"),
family = "Rueda",
role = "aut",
email = "mrueda@ugr.es"),
person(given = c("Maria", "Giovanna"),
family = "Ranalli",
role = "aut",
email = "giovanna.ranalli@stat.unipg.it"),
person(given = "David",
family = "Molina",
role = c("aut", "cre"),
email = "dmolinam@ugr.es"))
as necessary.
Flavors: r-devel-linux-x86_64-debian-clang, r-devel-linux-x86_64-debian-gcc
These binaries (installable software) and packages are in development.
They may not be fully stable and should be used with caution. We make no claims about them.