Last updated on 2025-05-01 14:49:10 CEST.
Flavor | Version | Tinstall | Tcheck | Ttotal | Status | Flags |
---|---|---|---|---|---|---|
r-devel-linux-x86_64-debian-clang | 0.2.1 | 3.25 | 62.84 | 66.09 | NOTE | |
r-devel-linux-x86_64-debian-gcc | 0.2.1 | 2.34 | 47.27 | 49.61 | NOTE | |
r-devel-linux-x86_64-fedora-clang | 0.2.1 | 105.96 | OK | |||
r-devel-linux-x86_64-fedora-gcc | 0.2.1 | 127.26 | OK | |||
r-devel-windows-x86_64 | 0.2.1 | 4.00 | 98.00 | 102.00 | OK | |
r-patched-linux-x86_64 | 0.2.1 | 3.62 | 62.27 | 65.89 | OK | |
r-release-linux-x86_64 | OK | |||||
r-release-macos-arm64 | 0.2.1 | 52.00 | OK | |||
r-release-macos-x86_64 | 0.2.1 | 84.00 | OK | |||
r-release-windows-x86_64 | 0.2.1 | 4.00 | 92.00 | 96.00 | OK | |
r-oldrel-macos-arm64 | 0.2.1 | 42.00 | OK | |||
r-oldrel-macos-x86_64 | 0.2.1 | 63.00 | OK | |||
r-oldrel-windows-x86_64 | 0.2.1 | 6.00 | 120.00 | 126.00 | OK |
Version: 0.2.1
Check: CRAN incoming feasibility
Result: NOTE
Maintainer: ‘Yuan Zhong <aqua.zhong@gmail.com>’
No Authors@R field in DESCRIPTION.
Please add one, modifying
Authors@R: c(person(given = "Xin",
family = "Gao",
role = "aut"),
person(given = "Yuan",
family = "Zhong",
role = c("aut", "cre"),
email = "aqua.zhong@gmail.com"),
person(given = c("Raymond", "J."),
family = "Carroll",
role = "aut"))
as necessary.
The Description field contains
Raymond J. Carroll (2017) <arXiv:1610.00667v1>.
Please refer to arXiv e-prints via their arXiv DOI <doi:10.48550/arXiv.YYMM.NNNNN>.
Flavors: r-devel-linux-x86_64-debian-clang, r-devel-linux-x86_64-debian-gcc
Version: 0.2.1
Check: examples
Result: NOTE
Examples with CPU (user + system) or elapsed time > 5s
user system elapsed
fusionbinary 4.517 0.012 5.995
Flavor: r-devel-linux-x86_64-debian-clang
These binaries (installable software) and packages are in development.
They may not be fully stable and should be used with caution. We make no claims about them.