Last updated on 2025-11-16 07:49:34 CET.
| Flavor | Version | Tinstall | Tcheck | Ttotal | Status | Flags |
|---|---|---|---|---|---|---|
| r-devel-linux-x86_64-debian-clang | 0.2.1 | 3.13 | 65.04 | 68.17 | NOTE | |
| r-devel-linux-x86_64-debian-gcc | 0.2.1 | 2.23 | 50.15 | 52.38 | NOTE | |
| r-devel-linux-x86_64-fedora-clang | 0.2.1 | 17.00 | 95.63 | 112.63 | OK | |
| r-devel-linux-x86_64-fedora-gcc | 0.2.1 | 13.00 | 117.72 | 130.72 | OK | |
| r-devel-windows-x86_64 | 0.2.1 | 7.00 | 93.00 | 100.00 | NOTE | |
| r-patched-linux-x86_64 | 0.2.1 | 3.15 | 65.80 | 68.95 | OK | |
| r-release-linux-x86_64 | 0.2.1 | 2.90 | 65.30 | 68.20 | OK | |
| r-release-macos-arm64 | 0.2.1 | 2.00 | 50.00 | 52.00 | OK | |
| r-release-macos-x86_64 | 0.2.1 | 3.00 | 81.00 | 84.00 | OK | |
| r-release-windows-x86_64 | 0.2.1 | 4.00 | 93.00 | 97.00 | OK | |
| r-oldrel-macos-arm64 | 0.2.1 | 2.00 | 40.00 | 42.00 | OK | |
| r-oldrel-macos-x86_64 | 0.2.1 | 3.00 | 60.00 | 63.00 | OK | |
| r-oldrel-windows-x86_64 | 0.2.1 | 7.00 | 114.00 | 121.00 | OK |
Version: 0.2.1
Check: CRAN incoming feasibility
Result: NOTE
Maintainer: ‘Yuan Zhong <aqua.zhong@gmail.com>’
No Authors@R field in DESCRIPTION.
Please add one, modifying
Authors@R: c(person(given = "Xin",
family = "Gao",
role = "aut"),
person(given = "Yuan",
family = "Zhong",
role = c("aut", "cre"),
email = "aqua.zhong@gmail.com"),
person(given = c("Raymond", "J."),
family = "Carroll",
role = "aut"))
as necessary.
The Description field contains
Raymond J. Carroll (2017) <arXiv:1610.00667v1>.
Please refer to arXiv e-prints via their arXiv DOI <doi:10.48550/arXiv.YYMM.NNNNN>.
Flavors: r-devel-linux-x86_64-debian-clang, r-devel-linux-x86_64-debian-gcc
Version: 0.2.1
Check: Rd files
Result: NOTE
checkRd: (-1) FusionLearn-package.Rd:12-18: Only 8 columns allowed in this table (row 4 has 3)
checkRd: (-1) FusionLearn-package.Rd:51-60: Only 10 columns allowed in this table (row 5 has 5)
Flavors: r-devel-linux-x86_64-debian-clang, r-devel-windows-x86_64
These binaries (installable software) and packages are in development.
They may not be fully stable and should be used with caution. We make no claims about them.