CRAN Package Check Results for Package Fuzzy.p.value

Last updated on 2025-11-17 13:49:36 CET.

Flavor Version Tinstall Tcheck Ttotal Status Flags
r-devel-linux-x86_64-debian-clang 1.1 2.39 25.71 28.10 NOTE
r-devel-linux-x86_64-debian-gcc 1.1 1.64 20.83 22.47 NOTE
r-devel-linux-x86_64-fedora-clang 1.1 39.47 OK
r-devel-linux-x86_64-fedora-gcc 1.1 38.18 OK
r-devel-windows-x86_64 1.1 5.00 43.00 48.00 OK
r-patched-linux-x86_64 1.1 2.40 24.44 26.84 OK
r-release-linux-x86_64 1.1 2.24 24.59 26.83 OK
r-release-macos-arm64 1.1 1.00 17.00 18.00 OK
r-release-macos-x86_64 1.1 2.00 26.00 28.00 OK
r-release-windows-x86_64 1.1 4.00 44.00 48.00 OK
r-oldrel-macos-arm64 1.1 1.00 17.00 18.00 OK
r-oldrel-macos-x86_64 1.1 2.00 22.00 24.00 OK
r-oldrel-windows-x86_64 1.1 3.00 50.00 53.00 OK

Check Details

Version: 1.1
Check: CRAN incoming feasibility
Result: NOTE Maintainer: ‘Abbas Parchami <parchami@uk.ac.ir>’ No Authors@R field in DESCRIPTION. Please add one, modifying Authors@R: person(given = "Abbas", family = "Parchami", role = c("aut", "cre"), email = "parchami@uk.ac.ir", comment = "Department of Statistics, Faculty of Mathematics and Computer, Shahid Bahonar University of Kerman, Kerman, Iran") as necessary. Flavors: r-devel-linux-x86_64-debian-clang, r-devel-linux-x86_64-debian-gcc

These binaries (installable software) and packages are in development.
They may not be fully stable and should be used with caution. We make no claims about them.