Last updated on 2025-05-01 17:56:03 CEST.
Flavor | Version | Tinstall | Tcheck | Ttotal | Status | Flags |
---|---|---|---|---|---|---|
r-devel-linux-x86_64-debian-clang | 1.1 | 2.23 | 23.92 | 26.15 | NOTE | |
r-devel-linux-x86_64-debian-gcc | 1.1 | 1.78 | 19.50 | 21.28 | NOTE | |
r-devel-linux-x86_64-fedora-clang | 1.1 | 41.10 | OK | |||
r-devel-linux-x86_64-fedora-gcc | 1.1 | 40.00 | OK | |||
r-devel-windows-x86_64 | 1.1 | 4.00 | 48.00 | 52.00 | OK | |
r-patched-linux-x86_64 | 1.1 | 2.33 | 23.32 | 25.65 | OK | |
r-release-linux-x86_64 | OK | |||||
r-release-macos-arm64 | 1.1 | 18.00 | OK | |||
r-release-macos-x86_64 | 1.1 | 28.00 | OK | |||
r-release-windows-x86_64 | 1.1 | 4.00 | 51.00 | 55.00 | OK | |
r-oldrel-macos-arm64 | 1.1 | 18.00 | OK | |||
r-oldrel-macos-x86_64 | 1.1 | 24.00 | OK | |||
r-oldrel-windows-x86_64 | 1.1 | 3.00 | 48.00 | 51.00 | OK |
Version: 1.1
Check: CRAN incoming feasibility
Result: NOTE
Maintainer: ‘Abbas Parchami <parchami@uk.ac.ir>’
No Authors@R field in DESCRIPTION.
Please add one, modifying
Authors@R: person(given = "Abbas",
family = "Parchami",
role = c("aut", "cre"),
email = "parchami@uk.ac.ir",
comment = "Department of Statistics, Faculty of Mathematics and Computer, Shahid Bahonar University of Kerman, Kerman, Iran")
as necessary.
Flavors: r-devel-linux-x86_64-debian-clang, r-devel-linux-x86_64-debian-gcc
These binaries (installable software) and packages are in development.
They may not be fully stable and should be used with caution. We make no claims about them.