CRAN Package Check Results for Package FuzzyAHP

Last updated on 2025-05-23 01:50:56 CEST.

Flavor Version Tinstall Tcheck Ttotal Status Flags
r-devel-linux-x86_64-debian-clang 0.9.5 5.84 31.56 37.40 OK
r-devel-linux-x86_64-debian-gcc 0.9.5 3.80 25.28 29.08 OK
r-devel-linux-x86_64-fedora-clang 0.9.5 59.54 OK
r-devel-linux-x86_64-fedora-gcc 0.9.5 78.11 OK
r-devel-windows-x86_64 0.9.5 8.00 62.00 70.00 OK
r-patched-linux-x86_64 0.9.5 6.68 30.88 37.56 OK
r-release-linux-x86_64 0.9.5 5.68 31.12 36.80 OK
r-release-macos-arm64 0.9.5 32.00 OK
r-release-macos-x86_64 0.9.5 57.00 OK
r-release-windows-x86_64 0.9.5 8.00 61.00 69.00 OK
r-oldrel-macos-arm64 0.9.5 29.00 NOTE
r-oldrel-macos-x86_64 0.9.5 45.00 NOTE
r-oldrel-windows-x86_64 0.9.5 8.00 66.00 74.00 NOTE

Check Details

Version: 0.9.5
Check: LazyData
Result: NOTE 'LazyData' is specified without a 'data' directory Flavors: r-oldrel-macos-arm64, r-oldrel-macos-x86_64, r-oldrel-windows-x86_64

These binaries (installable software) and packages are in development.
They may not be fully stable and should be used with caution. We make no claims about them.