CRAN Package Check Results for Package FuzzyDBScan

Last updated on 2025-05-01 14:49:10 CEST.

Flavor Version Tinstall Tcheck Ttotal Status Flags
r-devel-linux-x86_64-debian-clang 0.0.3 6.92 60.13 67.05 NOTE
r-devel-linux-x86_64-debian-gcc 0.0.3 4.58 42.42 47.00 NOTE
r-devel-linux-x86_64-fedora-clang 0.0.3 90.41 OK
r-devel-linux-x86_64-fedora-gcc 0.0.3 87.07 OK
r-devel-windows-x86_64 0.0.3 8.00 73.00 81.00 NOTE
r-patched-linux-x86_64 0.0.3 6.39 53.66 60.05 NOTE
r-release-linux-x86_64 NOTE
r-release-macos-arm64 0.0.3 46.00 OK
r-release-macos-x86_64 0.0.3 54.00 OK
r-release-windows-x86_64 0.0.3 8.00 74.00 82.00 NOTE
r-oldrel-macos-arm64 0.0.3 30.00 OK
r-oldrel-macos-x86_64 0.0.3 48.00 OK
r-oldrel-windows-x86_64 0.0.3 9.00 87.00 96.00 OK

Check Details

Version: 0.0.3
Check: Rd cross-references
Result: NOTE Found the following Rd file(s) with Rd \link{} targets missing package anchors: Fuzzy_DBScan.Rd: data.table Please provide package anchors for all Rd \link{} targets not in the package itself and the base packages. Flavors: r-devel-linux-x86_64-debian-clang, r-devel-linux-x86_64-debian-gcc, r-devel-windows-x86_64, r-patched-linux-x86_64, r-release-linux-x86_64, r-release-windows-x86_64

Version: 0.0.3
Check: examples
Result: NOTE Examples with CPU (user + system) or elapsed time > 5s user system elapsed Fuzzy_DBScan 5.861 0.098 7.787 Flavor: r-devel-linux-x86_64-debian-clang

These binaries (installable software) and packages are in development.
They may not be fully stable and should be used with caution. We make no claims about them.