Last updated on 2025-07-01 15:49:48 CEST.
Flavor | Version | Tinstall | Tcheck | Ttotal | Status | Flags |
---|---|---|---|---|---|---|
r-devel-linux-x86_64-debian-clang | 0.1.0 | 3.14 | 24.35 | 27.49 | NOTE | |
r-devel-linux-x86_64-debian-gcc | 0.1.0 | 2.21 | 20.25 | 22.46 | NOTE | |
r-devel-linux-x86_64-fedora-clang | 0.1.0 | 40.05 | OK | |||
r-devel-linux-x86_64-fedora-gcc | 0.1.0 | 37.16 | OK | |||
r-devel-windows-x86_64 | 0.1.0 | 3.00 | 43.00 | 46.00 | OK | |
r-patched-linux-x86_64 | OK | |||||
r-release-linux-x86_64 | 0.1.0 | 2.81 | 21.89 | 24.70 | OK | |
r-release-macos-arm64 | 0.1.0 | 19.00 | OK | |||
r-release-macos-x86_64 | 0.1.0 | 28.00 | OK | |||
r-release-windows-x86_64 | 0.1.0 | 5.00 | 43.00 | 48.00 | OK | |
r-oldrel-macos-arm64 | 0.1.0 | 16.00 | OK | |||
r-oldrel-macos-x86_64 | 0.1.0 | 24.00 | OK | |||
r-oldrel-windows-x86_64 | 0.1.0 | 5.00 | 49.00 | 54.00 | OK |
Version: 0.1.0
Check: CRAN incoming feasibility
Result: NOTE
Maintainer: ‘Alina Petukhova <petukhova.alina@gmail.com>’
No Authors@R field in DESCRIPTION.
Please add one, modifying
Authors@R: person(given = "Alina",
family = "Petukhova",
role = c("aut", "cre"),
email = "petukhova.alina@gmail.com")
as necessary.
Flavors: r-devel-linux-x86_64-debian-clang, r-devel-linux-x86_64-debian-gcc
These binaries (installable software) and packages are in development.
They may not be fully stable and should be used with caution. We make no claims about them.