CRAN Package Check Results for Package FuzzyM

Last updated on 2025-05-08 04:52:05 CEST.

Flavor Version Tinstall Tcheck Ttotal Status Flags
r-devel-linux-x86_64-debian-clang 0.1.0 3.11 23.99 27.10 NOTE
r-devel-linux-x86_64-debian-gcc 0.1.0 2.47 18.69 21.16 NOTE
r-devel-linux-x86_64-fedora-clang 0.1.0 40.65 OK
r-devel-linux-x86_64-fedora-gcc 0.1.0 39.12 OK
r-devel-windows-x86_64 0.1.0 4.00 43.00 47.00 OK
r-patched-linux-x86_64 0.1.0 3.22 22.03 25.25 OK
r-release-linux-x86_64 0.1.0 2.91 22.06 24.97 OK
r-release-macos-arm64 0.1.0 19.00 OK
r-release-macos-x86_64 0.1.0 28.00 OK
r-release-windows-x86_64 0.1.0 5.00 44.00 49.00 OK
r-oldrel-macos-arm64 0.1.0 16.00 OK
r-oldrel-macos-x86_64 0.1.0 24.00 OK
r-oldrel-windows-x86_64 0.1.0 5.00 47.00 52.00 OK

Check Details

Version: 0.1.0
Check: CRAN incoming feasibility
Result: NOTE Maintainer: ‘Alina Petukhova <petukhova.alina@gmail.com>’ No Authors@R field in DESCRIPTION. Please add one, modifying Authors@R: person(given = "Alina", family = "Petukhova", role = c("aut", "cre"), email = "petukhova.alina@gmail.com") as necessary. Flavors: r-devel-linux-x86_64-debian-clang, r-devel-linux-x86_64-debian-gcc

These binaries (installable software) and packages are in development.
They may not be fully stable and should be used with caution. We make no claims about them.