Last updated on 2025-02-16 10:50:46 CET.
Flavor | Version | Tinstall | Tcheck | Ttotal | Status | Flags |
---|---|---|---|---|---|---|
r-devel-linux-x86_64-debian-clang | 2.0.4 | 3.00 | 35.64 | 38.64 | NOTE | |
r-devel-linux-x86_64-debian-gcc | 2.0.4 | 2.55 | 27.46 | 30.01 | NOTE | |
r-devel-linux-x86_64-fedora-clang | 2.0.4 | 64.82 | OK | |||
r-devel-linux-x86_64-fedora-gcc | 2.0.4 | 73.76 | OK | |||
r-devel-macos-arm64 | 2.0.4 | 25.00 | OK | |||
r-devel-macos-x86_64 | 2.0.4 | 49.00 | OK | |||
r-devel-windows-x86_64 | 2.0.4 | 4.00 | 56.00 | 60.00 | NOTE | |
r-patched-linux-x86_64 | 2.0.4 | 4.56 | 33.66 | 38.22 | OK | |
r-release-linux-x86_64 | 2.0.4 | 3.14 | 33.89 | 37.03 | OK | |
r-release-macos-arm64 | 2.0.4 | 26.00 | OK | |||
r-release-macos-x86_64 | 2.0.4 | 43.00 | OK | |||
r-release-windows-x86_64 | 2.0.4 | 5.00 | 54.00 | 59.00 | OK | |
r-oldrel-macos-arm64 | 2.0.4 | 28.00 | OK | |||
r-oldrel-macos-x86_64 | 2.0.4 | 42.00 | OK | |||
r-oldrel-windows-x86_64 | 2.0.4 | 5.00 | 82.00 | 87.00 | OK |
Version: 2.0.4
Check: Rd cross-references
Result: NOTE
Found the following Rd file(s) with Rd \link{} targets missing package
anchors:
fuzzyStationaryProb.Rd: DEoptim.control
Please provide package anchors for all Rd \link{} targets not in the
package itself and the base packages.
Flavors: r-devel-linux-x86_64-debian-clang, r-devel-linux-x86_64-debian-gcc, r-devel-windows-x86_64
These binaries (installable software) and packages are in development.
They may not be fully stable and should be used with caution. We make no claims about them.