Last updated on 2025-07-04 09:49:51 CEST.
Flavor | Version | Tinstall | Tcheck | Ttotal | Status | Flags |
---|---|---|---|---|---|---|
r-devel-linux-x86_64-debian-clang | 2.1.5 | 11.49 | 93.95 | 105.44 | NOTE | |
r-devel-linux-x86_64-debian-gcc | 2.1.5 | 9.33 | 70.12 | 79.45 | NOTE | |
r-devel-linux-x86_64-fedora-clang | 2.1.5 | 175.13 | OK | |||
r-devel-linux-x86_64-fedora-gcc | 2.1.5 | 170.57 | OK | |||
r-devel-windows-x86_64 | 2.1.5 | 11.00 | 89.00 | 100.00 | OK | |
r-patched-linux-x86_64 | 2.1.5 | 11.32 | 88.28 | 99.60 | OK | |
r-release-linux-x86_64 | 2.1.5 | 10.75 | 89.25 | 100.00 | OK | |
r-release-macos-arm64 | 2.1.5 | 65.00 | OK | |||
r-release-macos-x86_64 | 2.1.5 | 77.00 | OK | |||
r-release-windows-x86_64 | 2.1.5 | 12.00 | 89.00 | 101.00 | OK | |
r-oldrel-macos-arm64 | 2.1.5 | 42.00 | OK | |||
r-oldrel-macos-x86_64 | 2.1.5 | 64.00 | OK | |||
r-oldrel-windows-x86_64 | 2.1.5 | 15.00 | 109.00 | 124.00 | OK |
Version: 2.1.5
Check: CRAN incoming feasibility
Result: NOTE
Maintainer: ‘Regis K. Gallon <reg.gallon@gmail.com>’
No Authors@R field in DESCRIPTION.
Please add one, modifying
Authors@R: c(person(given = c("Regis", "K."),
family = "Gallon",
role = c("aut", "cre"),
email = "reg.gallon@gmail.com",
comment = "MNHN"),
person(given = "Jerome",
family = "Fournier",
role = "aut",
comment = c(ROR = "CNRS|MNHN")))
as necessary.
Package CITATION file contains call(s) to old-style personList() or
as.personList(). Please use c() on person objects instead.
Package CITATION file contains call(s) to old-style citEntry(). Please
use bibentry() instead.
Flavors: r-devel-linux-x86_64-debian-clang, r-devel-linux-x86_64-debian-gcc
These binaries (installable software) and packages are in development.
They may not be fully stable and should be used with caution. We make no claims about them.