Last updated on 2025-05-21 21:49:17 CEST.
Flavor | Version | Tinstall | Tcheck | Ttotal | Status | Flags |
---|---|---|---|---|---|---|
r-devel-linux-x86_64-debian-clang | 3.2.4 | 42.62 | 91.65 | 134.27 | OK | |
r-devel-linux-x86_64-debian-gcc | 3.2.4 | 28.68 | 61.58 | 90.26 | OK | |
r-devel-linux-x86_64-fedora-clang | 3.2.4 | 188.03 | OK | |||
r-devel-linux-x86_64-fedora-gcc | 3.2.4 | 212.02 | OK | |||
r-devel-windows-x86_64 | 3.2.4 | 44.00 | 115.00 | 159.00 | OK | |
r-patched-linux-x86_64 | 3.2.4 | 42.95 | 72.18 | 115.13 | OK | |
r-release-linux-x86_64 | 3.2.4 | 39.72 | 73.65 | 113.37 | OK | |
r-release-macos-arm64 | 3.2.4 | 72.00 | OK | |||
r-release-macos-x86_64 | 3.2.4 | 109.00 | OK | |||
r-release-windows-x86_64 | 3.2.4 | 46.00 | 116.00 | 162.00 | OK | |
r-oldrel-macos-arm64 | 3.2.4 | 61.00 | NOTE | |||
r-oldrel-macos-x86_64 | 3.2.4 | 93.00 | NOTE | |||
r-oldrel-windows-x86_64 | 3.2.4 | 50.00 | 140.00 | 190.00 | NOTE |
Version: 3.2.4
Check: installed package size
Result: NOTE
installed size is 36.2Mb
sub-directories of 1Mb or more:
doc 31.8Mb
libs 3.8Mb
Flavors: r-oldrel-macos-arm64, r-oldrel-macos-x86_64, r-oldrel-windows-x86_64
These binaries (installable software) and packages are in development.
They may not be fully stable and should be used with caution. We make no claims about them.