CRAN Package Check Results for Package GALLO

Last updated on 2025-05-08 04:52:05 CEST.

Flavor Version Tinstall Tcheck Ttotal Status Flags
r-devel-linux-x86_64-debian-clang 1.5 9.00 113.74 122.74 OK
r-devel-linux-x86_64-debian-gcc 1.5 6.50 80.47 86.97 OK
r-devel-linux-x86_64-fedora-clang 1.5 204.46 OK
r-devel-linux-x86_64-fedora-gcc 1.5 192.22 OK
r-devel-windows-x86_64 1.5 13.00 115.00 128.00 OK
r-patched-linux-x86_64 1.5 9.56 102.65 112.21 OK
r-release-linux-x86_64 1.5 8.61 102.13 110.74 OK
r-release-macos-arm64 1.5 94.00 OK
r-release-macos-x86_64 1.5 104.00 OK
r-release-windows-x86_64 1.5 14.00 114.00 128.00 OK
r-oldrel-macos-arm64 1.5 58.00 OK
r-oldrel-macos-x86_64 1.5 138.00 NOTE
r-oldrel-windows-x86_64 1.5 15.00 149.00 164.00 OK

Check Details

Version: 1.5
Check: installed package size
Result: NOTE installed size is 5.2Mb sub-directories of 1Mb or more: data 2.6Mb doc 2.0Mb Flavor: r-oldrel-macos-x86_64

These binaries (installable software) and packages are in development.
They may not be fully stable and should be used with caution. We make no claims about them.