Last updated on 2025-07-02 05:50:16 CEST.
Flavor | Version | Tinstall | Tcheck | Ttotal | Status | Flags |
---|---|---|---|---|---|---|
r-devel-linux-x86_64-debian-clang | 1.5 | 9.31 | 113.68 | 122.99 | OK | |
r-devel-linux-x86_64-debian-gcc | 1.5 | 6.23 | 81.92 | 88.15 | OK | |
r-devel-linux-x86_64-fedora-clang | 1.5 | 187.11 | OK | |||
r-devel-linux-x86_64-fedora-gcc | 1.5 | 201.97 | OK | |||
r-devel-windows-x86_64 | 1.5 | 12.00 | 116.00 | 128.00 | OK | |
r-patched-linux-x86_64 | OK | |||||
r-release-linux-x86_64 | 1.5 | 9.13 | 103.86 | 112.99 | OK | |
r-release-macos-arm64 | 1.5 | 94.00 | OK | |||
r-release-macos-x86_64 | 1.5 | 104.00 | OK | |||
r-release-windows-x86_64 | 1.5 | 13.00 | 114.00 | 127.00 | OK | |
r-oldrel-macos-arm64 | 1.5 | 58.00 | OK | |||
r-oldrel-macos-x86_64 | 1.5 | 138.00 | NOTE | |||
r-oldrel-windows-x86_64 | 1.5 | 15.00 | 144.00 | 159.00 | OK |
Version: 1.5
Check: installed package size
Result: NOTE
installed size is 5.2Mb
sub-directories of 1Mb or more:
data 2.6Mb
doc 2.0Mb
Flavor: r-oldrel-macos-x86_64
These binaries (installable software) and packages are in development.
They may not be fully stable and should be used with caution. We make no claims about them.