Last updated on 2025-11-11 21:49:06 CET.
| Flavor | Version | Tinstall | Tcheck | Ttotal | Status | Flags |
|---|---|---|---|---|---|---|
| r-devel-linux-x86_64-debian-clang | 1.2.1 | 2.07 | 34.36 | 36.43 | NOTE | |
| r-devel-linux-x86_64-debian-gcc | 1.2.1 | 1.58 | 26.15 | 27.73 | NOTE | |
| r-devel-linux-x86_64-fedora-clang | 1.2.1 | 53.71 | OK | |||
| r-devel-linux-x86_64-fedora-gcc | 1.2.1 | 52.08 | OK | |||
| r-devel-windows-x86_64 | 1.2.1 | 4.00 | 56.00 | 60.00 | OK | |
| r-patched-linux-x86_64 | 1.2.1 | 2.47 | 32.79 | 35.26 | OK | |
| r-release-linux-x86_64 | 1.2.1 | 2.24 | 32.51 | 34.75 | OK | |
| r-release-macos-arm64 | 1.2.1 | 1.00 | 23.00 | 24.00 | OK | |
| r-release-macos-x86_64 | 1.2.1 | 2.00 | 35.00 | 37.00 | OK | |
| r-release-windows-x86_64 | 1.2.1 | 4.00 | 56.00 | 60.00 | OK | |
| r-oldrel-macos-arm64 | 1.2.1 | 1.00 | 19.00 | 20.00 | OK | |
| r-oldrel-macos-x86_64 | 1.2.1 | 2.00 | 28.00 | 30.00 | OK | |
| r-oldrel-windows-x86_64 | 1.2.1 | 5.00 | 63.00 | 68.00 | OK |
Version: 1.2.1
Check: CRAN incoming feasibility
Result: NOTE
Maintainer: ‘Koen W. De Bock <kdebock@audencia.com>’
No Authors@R field in DESCRIPTION.
Please add one, modifying
Authors@R: c(person(given = c("Koen", "W."),
family = "De Bock",
role = c("aut", "cre"),
email = "kdebock@audencia.com"),
person(given = "Kristof",
family = "Coussement",
role = "aut"),
person(given = "Dirk",
family = "Van den Poel",
role = "aut"))
as necessary.
Flavors: r-devel-linux-x86_64-debian-clang, r-devel-linux-x86_64-debian-gcc
These binaries (installable software) and packages are in development.
They may not be fully stable and should be used with caution. We make no claims about them.