Last updated on 2025-05-01 17:56:03 CEST.
Flavor | Version | Tinstall | Tcheck | Ttotal | Status | Flags |
---|---|---|---|---|---|---|
r-devel-linux-x86_64-debian-clang | 1.2 | 2.37 | 19.33 | 21.70 | NOTE | |
r-devel-linux-x86_64-debian-gcc | 1.2 | 1.57 | 15.77 | 17.34 | NOTE | |
r-devel-linux-x86_64-fedora-clang | 1.2 | 33.58 | OK | |||
r-devel-linux-x86_64-fedora-gcc | 1.2 | 32.82 | OK | |||
r-devel-windows-x86_64 | 1.2 | 4.00 | 39.00 | 43.00 | OK | |
r-patched-linux-x86_64 | 1.2 | 1.76 | 18.81 | 20.57 | OK | |
r-release-linux-x86_64 | OK | |||||
r-release-macos-arm64 | 1.2 | 17.00 | OK | |||
r-release-macos-x86_64 | 1.2 | 29.00 | OK | |||
r-release-windows-x86_64 | 1.2 | 3.00 | 40.00 | 43.00 | OK | |
r-oldrel-macos-arm64 | 1.2 | 15.00 | OK | |||
r-oldrel-macos-x86_64 | 1.2 | 25.00 | OK | |||
r-oldrel-windows-x86_64 | 1.2 | 3.00 | 39.00 | 42.00 | OK |
Version: 1.2
Check: CRAN incoming feasibility
Result: NOTE
Maintainer: ‘Zhaoyuan Fang <fangzhaoyuan@sibs.ac.cn>’
No Authors@R field in DESCRIPTION.
Please add one, modifying
Authors@R: c(person(given = "Zhaoyuan",
family = "Fang",
role = c("aut", "cre"),
email = "fangzhaoyuan@sibs.ac.cn"),
person(given = "Weidong",
family = "Tian",
role = "aut"),
person(given = "Hongbin",
family = "Ji",
role = "aut"))
as necessary.
Flavors: r-devel-linux-x86_64-debian-clang, r-devel-linux-x86_64-debian-gcc
These binaries (installable software) and packages are in development.
They may not be fully stable and should be used with caution. We make no claims about them.