Last updated on 2025-02-16 10:50:46 CET.
Flavor | Version | Tinstall | Tcheck | Ttotal | Status | Flags |
---|---|---|---|---|---|---|
r-devel-linux-x86_64-debian-clang | 0.3.4.1 | 284.44 | 68.41 | 352.85 | NOTE | |
r-devel-linux-x86_64-debian-gcc | 0.3.4.1 | 186.64 | 49.01 | 235.65 | NOTE | |
r-devel-linux-x86_64-fedora-clang | 0.3.4.1 | 736.95 | OK | |||
r-devel-linux-x86_64-fedora-gcc | 0.3.4.1 | 714.33 | OK | |||
r-devel-macos-arm64 | 0.3.4.1 | 171.00 | OK | |||
r-devel-macos-x86_64 | 0.3.4.1 | 163.00 | OK | |||
r-devel-windows-x86_64 | 0.3.4.1 | 287.00 | 114.00 | 401.00 | NOTE | |
r-patched-linux-x86_64 | 0.3.4.1 | 263.63 | 62.95 | 326.58 | OK | |
r-release-linux-x86_64 | 0.3.4.1 | 264.66 | 62.52 | 327.18 | OK | |
r-release-macos-arm64 | 0.3.4.1 | 123.00 | NOTE | |||
r-release-macos-x86_64 | 0.3.4.1 | 196.00 | NOTE | |||
r-release-windows-x86_64 | 0.3.4.1 | 289.00 | 111.00 | 400.00 | OK | |
r-oldrel-macos-arm64 | 0.3.4.1 | 163.00 | NOTE | |||
r-oldrel-macos-x86_64 | 0.3.4.1 | 149.00 | NOTE | |||
r-oldrel-windows-x86_64 | 0.3.4.1 | 357.00 | 131.00 | 488.00 | OK |
Version: 0.3.4.1
Check: Rd cross-references
Result: NOTE
Found the following Rd file(s) with Rd \link{} targets missing package
anchors:
Goals.Rd: zoo
MultiGASFit.Rd: hessian
UniGASFit.Rd: hessian
cpichg.Rd: xts
fn.solnp.Rd: solnp
sp500ret.Rd: xts
sp500rv.Rd: xts
usunp.Rd: xts
Please provide package anchors for all Rd \link{} targets not in the
package itself and the base packages.
Flavors: r-devel-linux-x86_64-debian-clang, r-devel-linux-x86_64-debian-gcc, r-devel-windows-x86_64
Version: 0.3.4.1
Check: installed package size
Result: NOTE
installed size is 11.8Mb
sub-directories of 1Mb or more:
data 1.4Mb
libs 9.7Mb
Flavors: r-release-macos-arm64, r-release-macos-x86_64, r-oldrel-macos-arm64, r-oldrel-macos-x86_64
These binaries (installable software) and packages are in development.
They may not be fully stable and should be used with caution. We make no claims about them.