Last updated on 2025-10-03 07:49:41 CEST.
Flavor | Version | Tinstall | Tcheck | Ttotal | Status | Flags |
---|---|---|---|---|---|---|
r-devel-linux-x86_64-debian-clang | 0.3.4.1 | 292.33 | 74.33 | 366.66 | NOTE | |
r-devel-linux-x86_64-debian-gcc | 0.3.4.1 | 158.39 | 50.75 | 209.14 | NOTE | |
r-devel-linux-x86_64-fedora-clang | 0.3.4.1 | 723.76 | OK | |||
r-devel-linux-x86_64-fedora-gcc | 0.3.4.1 | 583.83 | OK | |||
r-devel-windows-x86_64 | 0.3.4.1 | 329.00 | 113.00 | 442.00 | NOTE | |
r-patched-linux-x86_64 | 0.3.4.1 | 271.88 | 69.81 | 341.69 | NOTE | |
r-release-linux-x86_64 | 0.3.4.1 | 276.66 | 70.38 | 347.04 | NOTE | |
r-release-macos-arm64 | 0.3.4.1 | 129.00 | OK | |||
r-release-macos-x86_64 | 0.3.4.1 | 155.00 | OK | |||
r-release-windows-x86_64 | 0.3.4.1 | 343.00 | 115.00 | 458.00 | NOTE | |
r-oldrel-macos-arm64 | 0.3.4.1 | 123.00 | NOTE | |||
r-oldrel-macos-x86_64 | 0.3.4.1 | 196.00 | NOTE | |||
r-oldrel-windows-x86_64 | 0.3.4.1 | 378.00 | 138.00 | 516.00 | OK |
Version: 0.3.4.1
Check: Rd cross-references
Result: NOTE
Found the following Rd file(s) with Rd \link{} targets missing package
anchors:
Goals.Rd: zoo
MultiGASFit.Rd: hessian
UniGASFit.Rd: hessian
cpichg.Rd: xts
fn.solnp.Rd: solnp
sp500ret.Rd: xts
sp500rv.Rd: xts
usunp.Rd: xts
Please provide package anchors for all Rd \link{} targets not in the
package itself and the base packages.
Flavors: r-devel-linux-x86_64-debian-clang, r-devel-linux-x86_64-debian-gcc, r-devel-windows-x86_64, r-patched-linux-x86_64, r-release-linux-x86_64, r-release-windows-x86_64
Version: 0.3.4.1
Check: installed package size
Result: NOTE
installed size is 11.8Mb
sub-directories of 1Mb or more:
data 1.4Mb
libs 9.7Mb
Flavors: r-oldrel-macos-arm64, r-oldrel-macos-x86_64
These binaries (installable software) and packages are in development.
They may not be fully stable and should be used with caution. We make no claims about them.