Last updated on 2025-07-04 21:50:07 CEST.
Flavor | Version | Tinstall | Tcheck | Ttotal | Status | Flags |
---|---|---|---|---|---|---|
r-devel-linux-x86_64-debian-clang | 0.9.5 | 3.71 | 27.94 | 31.65 | NOTE | |
r-devel-linux-x86_64-debian-gcc | 0.9.5 | 2.68 | 21.43 | 24.11 | NOTE | |
r-devel-linux-x86_64-fedora-clang | 0.9.5 | 48.68 | OK | |||
r-devel-linux-x86_64-fedora-gcc | 0.9.5 | 46.71 | OK | |||
r-devel-windows-x86_64 | 0.9.5 | 5.00 | 46.00 | 51.00 | OK | |
r-patched-linux-x86_64 | 0.9.5 | 3.93 | 26.38 | 30.31 | OK | |
r-release-linux-x86_64 | 0.9.5 | 2.89 | 26.05 | 28.94 | OK | |
r-release-macos-arm64 | 0.9.5 | 22.00 | OK | |||
r-release-macos-x86_64 | 0.9.5 | 37.00 | OK | |||
r-release-windows-x86_64 | 0.9.5 | 5.00 | 50.00 | 55.00 | OK | |
r-oldrel-macos-arm64 | 0.9.5 | 18.00 | OK | |||
r-oldrel-macos-x86_64 | 0.9.5 | 34.00 | OK | |||
r-oldrel-windows-x86_64 | 0.9.5 | 6.00 | 54.00 | 60.00 | OK |
Version: 0.9.5
Check: CRAN incoming feasibility
Result: NOTE
Maintainer: ‘F.J. Martinez-de-Pison <fjmartin@unirioja.es>’
No Authors@R field in DESCRIPTION.
Please add one, modifying
Authors@R: person(given = "F.J.",
family = "Martinez-de-Pison",
role = c("aut", "cre"),
email = "fjmartin@unirioja.es")
as necessary.
Flavors: r-devel-linux-x86_64-debian-clang, r-devel-linux-x86_64-debian-gcc
These binaries (installable software) and packages are in development.
They may not be fully stable and should be used with caution. We make no claims about them.