Last updated on 2025-05-01 10:50:10 CEST.
Flavor | Version | Tinstall | Tcheck | Ttotal | Status | Flags |
---|---|---|---|---|---|---|
r-devel-linux-x86_64-debian-clang | 0.9.5 | 3.66 | 27.47 | 31.13 | NOTE | |
r-devel-linux-x86_64-debian-gcc | 0.9.5 | 2.77 | 21.36 | 24.13 | NOTE | |
r-devel-linux-x86_64-fedora-clang | 0.9.5 | 48.34 | OK | |||
r-devel-linux-x86_64-fedora-gcc | 0.9.5 | 47.69 | OK | |||
r-devel-windows-x86_64 | 0.9.5 | 4.00 | 47.00 | 51.00 | OK | |
r-patched-linux-x86_64 | 0.9.5 | 4.14 | 26.49 | 30.63 | OK | |
r-release-linux-x86_64 | OK | |||||
r-release-macos-arm64 | 0.9.5 | 22.00 | OK | |||
r-release-macos-x86_64 | 0.9.5 | 37.00 | OK | |||
r-release-windows-x86_64 | 0.9.5 | 5.00 | 49.00 | 54.00 | OK | |
r-oldrel-macos-arm64 | 0.9.5 | 18.00 | OK | |||
r-oldrel-macos-x86_64 | 0.9.5 | 34.00 | OK | |||
r-oldrel-windows-x86_64 | 0.9.5 | 6.00 | 55.00 | 61.00 | OK |
Version: 0.9.5
Check: CRAN incoming feasibility
Result: NOTE
Maintainer: ‘F.J. Martinez-de-Pison <fjmartin@unirioja.es>’
No Authors@R field in DESCRIPTION.
Please add one, modifying
Authors@R: person(given = "F.J.",
family = "Martinez-de-Pison",
role = c("aut", "cre"),
email = "fjmartin@unirioja.es")
as necessary.
Flavors: r-devel-linux-x86_64-debian-clang, r-devel-linux-x86_64-debian-gcc
These binaries (installable software) and packages are in development.
They may not be fully stable and should be used with caution. We make no claims about them.