Last updated on 2025-02-16 10:50:46 CET.
Flavor | Version | Tinstall | Tcheck | Ttotal | Status | Flags |
---|---|---|---|---|---|---|
r-devel-linux-x86_64-debian-clang | 4.0.7 | 1.78 | 32.76 | 34.54 | OK | |
r-devel-linux-x86_64-debian-gcc | 4.0.7 | 1.22 | 25.28 | 26.50 | OK | |
r-devel-linux-x86_64-fedora-clang | 4.0.7 | 57.28 | NOTE | |||
r-devel-linux-x86_64-fedora-gcc | 4.0.7 | 54.26 | NOTE | |||
r-devel-macos-arm64 | 4.0.7 | 24.00 | OK | |||
r-devel-macos-x86_64 | 4.0.7 | 40.00 | OK | |||
r-devel-windows-x86_64 | 4.0.7 | 3.00 | 54.00 | 57.00 | OK | |
r-patched-linux-x86_64 | 4.0.7 | 1.57 | 31.29 | 32.86 | NOTE | |
r-release-linux-x86_64 | 4.0.7 | 1.61 | 30.80 | 32.41 | NOTE | |
r-release-macos-arm64 | 4.0.7 | 23.00 | NOTE | |||
r-release-macos-x86_64 | 4.0.7 | 30.00 | NOTE | |||
r-release-windows-x86_64 | 4.0.7 | 4.00 | 54.00 | 58.00 | NOTE | |
r-oldrel-macos-arm64 | 4.0.7 | 21.00 | NOTE | |||
r-oldrel-macos-x86_64 | 4.0.7 | 33.00 | NOTE | |||
r-oldrel-windows-x86_64 | 4.0.7 | 3.00 | 86.00 | 89.00 | NOTE |
Version: 4.0.7
Check: dependencies in R code
Result: NOTE
Namespace in Imports field not imported from: ‘raster’
All declared Imports should be used.
Flavors: r-devel-linux-x86_64-fedora-clang, r-devel-linux-x86_64-fedora-gcc
Version: 4.0.7
Check: package dependencies
Result: NOTE
Package suggested but not available for checking: ‘paleofire’
Flavors: r-patched-linux-x86_64, r-release-linux-x86_64, r-release-macos-arm64, r-release-macos-x86_64, r-release-windows-x86_64, r-oldrel-macos-arm64, r-oldrel-macos-x86_64, r-oldrel-windows-x86_64
These binaries (installable software) and packages are in development.
They may not be fully stable and should be used with caution. We make no claims about them.