Last updated on 2025-11-11 15:50:34 CET.
| Flavor | Version | Tinstall | Tcheck | Ttotal | Status | Flags |
|---|---|---|---|---|---|---|
| r-devel-linux-x86_64-debian-clang | 1.2.2 | 13.57 | 46.68 | 60.25 | NOTE | |
| r-devel-linux-x86_64-debian-gcc | 1.2.2 | 9.52 | 37.46 | 46.98 | NOTE | |
| r-devel-linux-x86_64-fedora-clang | 1.2.2 | 32.00 | 58.93 | 90.93 | NOTE | |
| r-devel-linux-x86_64-fedora-gcc | 1.2.2 | 35.00 | 53.17 | 88.17 | NOTE | |
| r-devel-windows-x86_64 | 1.2.2 | 16.00 | 95.00 | 111.00 | OK | |
| r-patched-linux-x86_64 | 1.2.2 | 14.76 | 44.59 | 59.35 | OK | |
| r-release-linux-x86_64 | 1.2.2 | 13.71 | 44.91 | 58.62 | OK | |
| r-release-macos-arm64 | 1.2.2 | 7.00 | 25.00 | 32.00 | OK | |
| r-release-macos-x86_64 | 1.2.2 | 13.00 | 56.00 | 69.00 | OK | |
| r-release-windows-x86_64 | 1.2.2 | 16.00 | 89.00 | 105.00 | OK | |
| r-oldrel-macos-arm64 | 1.2.2 | 7.00 | 23.00 | 30.00 | OK | |
| r-oldrel-macos-x86_64 | 1.2.2 | 13.00 | 42.00 | 55.00 | OK | |
| r-oldrel-windows-x86_64 | 1.2.2 | 16.00 | 102.00 | 118.00 | OK |
Version: 1.2.2
Check: CRAN incoming feasibility
Result: NOTE
Maintainer: ‘Kevin Jakob <Kevin.Jakob.Research@gmail.com>’
No Authors@R field in DESCRIPTION.
Please add one, modifying
Authors@R: person(given = "Kevin",
family = "Jakob",
role = c("aut", "cre"),
email = "kevin.jakob.research@gmail.com")
as necessary.
Flavors: r-devel-linux-x86_64-debian-clang, r-devel-linux-x86_64-debian-gcc
Version: 1.2.2
Check: compiled code
Result: NOTE
File ‘GCPM/libs/GCPM.so’:
Found no calls to: ‘R_registerRoutines’, ‘R_useDynamicSymbols’
It is good practice to register native routines and to disable symbol
search.
See ‘Writing portable packages’ in the ‘Writing R Extensions’ manual.
Flavors: r-devel-linux-x86_64-fedora-clang, r-devel-linux-x86_64-fedora-gcc
These binaries (installable software) and packages are in development.
They may not be fully stable and should be used with caution. We make no claims about them.