Last updated on 2025-10-03 17:48:34 CEST.
Flavor | Version | Tinstall | Tcheck | Ttotal | Status | Flags |
---|---|---|---|---|---|---|
r-devel-linux-x86_64-debian-clang | 0.1.1 | 64.02 | 27.55 | 91.57 | WARN | |
r-devel-linux-x86_64-debian-gcc | 0.1.1 | 42.94 | 21.87 | 64.81 | WARN | |
r-devel-linux-x86_64-fedora-clang | 0.1.1 | 167.40 | NOTE | |||
r-devel-linux-x86_64-fedora-gcc | 0.1.1 | 159.63 | NOTE | |||
r-devel-windows-x86_64 | 0.1.1 | 78.00 | 61.00 | 139.00 | NOTE | |
r-patched-linux-x86_64 | 0.1.1 | 67.71 | 25.28 | 92.99 | NOTE | |
r-release-linux-x86_64 | 0.1.1 | 69.81 | 24.77 | 94.58 | NOTE | |
r-release-macos-arm64 | 0.1.1 | 42.00 | NOTE | |||
r-release-macos-x86_64 | 0.1.1 | 48.00 | NOTE | |||
r-release-windows-x86_64 | 0.1.1 | 78.00 | 66.00 | 144.00 | NOTE | |
r-oldrel-macos-arm64 | 0.1.1 | 41.00 | NOTE | |||
r-oldrel-macos-x86_64 | 0.1.1 | 42.00 | NOTE | |||
r-oldrel-windows-x86_64 | 0.1.1 | 91.00 | 75.00 | 166.00 | NOTE |
Version: 0.1.1
Check: whether package can be installed
Result: WARN
Found the following significant warnings:
/home/hornik/tmp/R.check/r-devel-clang/Work/build/Packages/RcppArmadillo/include/RcppArmadillo/version/arma.h:66:17: warning: Using fallback compilation with Armadillo 14.6.3. Please consider defining -DARMA_USE_CURRENT and also removing C++11 compilation directive. See GitHub issue #475 for more. [-W#pragma-messages]
See ‘/home/hornik/tmp/R.check/r-devel-clang/Work/PKGS/GCSM.Rcheck/00install.out’ for details.
* used C++ compiler: ‘Debian clang version 19.1.7 (3+b2)’
Flavor: r-devel-linux-x86_64-debian-clang
Version: 0.1.1
Check: C++ specification
Result: NOTE
Specified C++11: please drop specification unless essential
Flavors: r-devel-linux-x86_64-debian-clang, r-devel-linux-x86_64-debian-gcc, r-devel-linux-x86_64-fedora-clang, r-devel-linux-x86_64-fedora-gcc, r-devel-windows-x86_64, r-patched-linux-x86_64, r-release-linux-x86_64, r-release-macos-arm64, r-release-macos-x86_64, r-release-windows-x86_64, r-oldrel-macos-arm64, r-oldrel-macos-x86_64, r-oldrel-windows-x86_64
Version: 0.1.1
Check: whether package can be installed
Result: WARN
Found the following significant warnings:
/home/hornik/tmp/R.check/r-devel-gcc/Work/build/Packages/RcppArmadillo/include/RcppArmadillo/version/arma.h:66:199: note: ‘#pragma message: Using fallback compilation with Armadillo 14.6.3. Please consider defining -DARMA_USE_CURRENT and also removing C++11 compilation directive. See GitHub issue #475 for more.’
See ‘/home/hornik/tmp/R.check/r-devel-gcc/Work/PKGS/GCSM.Rcheck/00install.out’ for details.
* used C++ compiler: ‘g++-15 (Debian 15.2.0-4) 15.2.0’
Flavor: r-devel-linux-x86_64-debian-gcc
These binaries (installable software) and packages are in development.
They may not be fully stable and should be used with caution. We make no claims about them.