Last updated on 2025-05-08 04:52:05 CEST.
Flavor | Version | Tinstall | Tcheck | Ttotal | Status | Flags |
---|---|---|---|---|---|---|
r-devel-linux-x86_64-debian-clang | 0.1.1 | 64.37 | 25.68 | 90.05 | NOTE | |
r-devel-linux-x86_64-debian-gcc | 0.1.1 | 46.01 | 20.45 | 66.46 | NOTE | |
r-devel-linux-x86_64-fedora-clang | 0.1.1 | 168.55 | NOTE | |||
r-devel-linux-x86_64-fedora-gcc | 0.1.1 | 184.38 | NOTE | |||
r-devel-windows-x86_64 | 0.1.1 | 76.00 | 67.00 | 143.00 | NOTE | |
r-patched-linux-x86_64 | 0.1.1 | 67.22 | 23.37 | 90.59 | NOTE | |
r-release-linux-x86_64 | 0.1.1 | 63.85 | 23.82 | 87.67 | NOTE | |
r-release-macos-arm64 | 0.1.1 | 42.00 | NOTE | |||
r-release-macos-x86_64 | 0.1.1 | 48.00 | NOTE | |||
r-release-windows-x86_64 | 0.1.1 | 78.00 | 67.00 | 145.00 | NOTE | |
r-oldrel-macos-arm64 | 0.1.1 | 41.00 | NOTE | |||
r-oldrel-macos-x86_64 | 0.1.1 | 42.00 | NOTE | |||
r-oldrel-windows-x86_64 | 0.1.1 | 91.00 | 76.00 | 167.00 | NOTE |
Version: 0.1.1
Check: C++ specification
Result: NOTE
Specified C++11: please drop specification unless essential
Flavors: r-devel-linux-x86_64-debian-clang, r-devel-linux-x86_64-debian-gcc, r-devel-linux-x86_64-fedora-clang, r-devel-linux-x86_64-fedora-gcc, r-devel-windows-x86_64, r-patched-linux-x86_64, r-release-linux-x86_64, r-release-macos-arm64, r-release-macos-x86_64, r-release-windows-x86_64, r-oldrel-macos-arm64, r-oldrel-macos-x86_64, r-oldrel-windows-x86_64
These binaries (installable software) and packages are in development.
They may not be fully stable and should be used with caution. We make no claims about them.