Last updated on 2025-05-03 22:49:54 CEST.
Flavor | Version | Tinstall | Tcheck | Ttotal | Status | Flags |
---|---|---|---|---|---|---|
r-devel-linux-x86_64-debian-clang | 1.0.0 | 4.07 | 39.63 | 43.70 | NOTE | |
r-devel-linux-x86_64-debian-gcc | 1.0.0 | 2.23 | 30.54 | 32.77 | NOTE | |
r-devel-linux-x86_64-fedora-clang | 1.0.0 | 68.11 | OK | |||
r-devel-linux-x86_64-fedora-gcc | 1.0.0 | 78.78 | OK | |||
r-devel-windows-x86_64 | 1.0.0 | 5.00 | 58.00 | 63.00 | OK | |
r-patched-linux-x86_64 | 1.0.0 | 4.21 | 37.14 | 41.35 | OK | |
r-release-linux-x86_64 | OK | |||||
r-release-macos-arm64 | 1.0.0 | 40.00 | OK | |||
r-release-macos-x86_64 | 1.0.0 | 55.00 | OK | |||
r-release-windows-x86_64 | 1.0.0 | 6.00 | 58.00 | 64.00 | OK | |
r-oldrel-macos-arm64 | 1.0.0 | 29.00 | OK | |||
r-oldrel-macos-x86_64 | 1.0.0 | 56.00 | OK | |||
r-oldrel-windows-x86_64 | 1.0.0 | 7.00 | 67.00 | 74.00 | OK |
Version: 1.0.0
Check: CRAN incoming feasibility
Result: NOTE
Maintainer: ‘Andrew Tamalunas <atamalu@g.clemson.edu>’
No Authors@R field in DESCRIPTION.
Please add one, modifying
Authors@R: person(given = "Andrew",
family = "Tamalunas",
role = c("aut", "cre"),
email = "atamalu@g.clemson.edu")
as necessary.
Flavors: r-devel-linux-x86_64-debian-clang, r-devel-linux-x86_64-debian-gcc
These binaries (installable software) and packages are in development.
They may not be fully stable and should be used with caution. We make no claims about them.