CRAN Package Check Results for Package GCalcium

Last updated on 2025-07-19 21:49:36 CEST.

Flavor Version Tinstall Tcheck Ttotal Status Flags
r-devel-linux-x86_64-debian-clang 1.0.0 3.85 41.41 45.26 NOTE
r-devel-linux-x86_64-debian-gcc 1.0.0 2.90 31.12 34.02 NOTE
r-devel-linux-x86_64-fedora-clang 1.0.0 70.25 OK
r-devel-linux-x86_64-fedora-gcc 1.0.0 77.12 OK
r-devel-windows-x86_64 1.0.0 5.00 58.00 63.00 OK
r-patched-linux-x86_64 1.0.0 4.22 37.15 41.37 OK
r-release-linux-x86_64 1.0.0 4.20 36.47 40.67 OK
r-release-macos-arm64 1.0.0 40.00 OK
r-release-macos-x86_64 1.0.0 55.00 OK
r-release-windows-x86_64 1.0.0 6.00 57.00 63.00 OK
r-oldrel-macos-arm64 1.0.0 29.00 OK
r-oldrel-macos-x86_64 1.0.0 56.00 OK
r-oldrel-windows-x86_64 1.0.0 7.00 67.00 74.00 OK

Check Details

Version: 1.0.0
Check: CRAN incoming feasibility
Result: NOTE Maintainer: ‘Andrew Tamalunas <atamalu@g.clemson.edu>’ No Authors@R field in DESCRIPTION. Please add one, modifying Authors@R: person(given = "Andrew", family = "Tamalunas", role = c("aut", "cre"), email = "atamalu@g.clemson.edu") as necessary. Flavors: r-devel-linux-x86_64-debian-clang, r-devel-linux-x86_64-debian-gcc

These binaries (installable software) and packages are in development.
They may not be fully stable and should be used with caution. We make no claims about them.