Last updated on 2025-11-11 15:50:34 CET.
| Flavor | Version | Tinstall | Tcheck | Ttotal | Status | Flags |
|---|---|---|---|---|---|---|
| r-devel-linux-x86_64-debian-clang | 1.0.0 | 3.95 | 43.08 | 47.03 | NOTE | |
| r-devel-linux-x86_64-debian-gcc | 1.0.0 | 2.84 | 32.88 | 35.72 | NOTE | |
| r-devel-linux-x86_64-fedora-clang | 1.0.0 | 10.00 | 58.85 | 68.85 | OK | |
| r-devel-linux-x86_64-fedora-gcc | 1.0.0 | 78.88 | OK | |||
| r-devel-windows-x86_64 | 1.0.0 | 7.00 | 60.00 | 67.00 | OK | |
| r-patched-linux-x86_64 | 1.0.0 | 4.09 | 38.46 | 42.55 | OK | |
| r-release-linux-x86_64 | 1.0.0 | 4.11 | 38.14 | 42.25 | OK | |
| r-release-macos-arm64 | 1.0.0 | 3.00 | 37.00 | 40.00 | OK | |
| r-release-macos-x86_64 | 1.0.0 | 3.00 | 52.00 | 55.00 | OK | |
| r-release-windows-x86_64 | 1.0.0 | 6.00 | 56.00 | 62.00 | OK | |
| r-oldrel-macos-arm64 | 1.0.0 | 2.00 | 27.00 | 29.00 | OK | |
| r-oldrel-macos-x86_64 | 1.0.0 | 5.00 | 51.00 | 56.00 | OK | |
| r-oldrel-windows-x86_64 | 1.0.0 | 8.00 | 68.00 | 76.00 | OK |
Version: 1.0.0
Check: CRAN incoming feasibility
Result: NOTE
Maintainer: ‘Andrew Tamalunas <atamalu@g.clemson.edu>’
No Authors@R field in DESCRIPTION.
Please add one, modifying
Authors@R: person(given = "Andrew",
family = "Tamalunas",
role = c("aut", "cre"),
email = "atamalu@g.clemson.edu")
as necessary.
Flavors: r-devel-linux-x86_64-debian-clang, r-devel-linux-x86_64-debian-gcc
These binaries (installable software) and packages are in development.
They may not be fully stable and should be used with caution. We make no claims about them.