Last updated on 2025-10-03 05:53:32 CEST.
Flavor | Version | Tinstall | Tcheck | Ttotal | Status | Flags |
---|---|---|---|---|---|---|
r-devel-linux-x86_64-debian-clang | 0.93 | 1.26 | 20.03 | 21.29 | NOTE | |
r-devel-linux-x86_64-debian-gcc | 0.93 | 1.20 | 16.04 | 17.24 | NOTE | |
r-devel-linux-x86_64-fedora-clang | 0.93 | 30.55 | OK | |||
r-devel-linux-x86_64-fedora-gcc | 0.93 | 30.20 | OK | |||
r-devel-windows-x86_64 | 0.93 | 2.00 | 53.00 | 55.00 | OK | |
r-patched-linux-x86_64 | 0.93 | 1.43 | 18.76 | 20.19 | OK | |
r-release-linux-x86_64 | 0.93 | 1.43 | 18.82 | 20.25 | OK | |
r-release-macos-arm64 | 0.93 | 16.00 | OK | |||
r-release-macos-x86_64 | 0.93 | 24.00 | OK | |||
r-release-windows-x86_64 | 0.93 | 2.00 | 45.00 | 47.00 | OK | |
r-oldrel-macos-arm64 | 0.93 | 15.00 | OK | |||
r-oldrel-macos-x86_64 | 0.93 | 21.00 | OK | |||
r-oldrel-windows-x86_64 | 0.93 | 3.00 | 48.00 | 51.00 | OK |
Version: 0.93
Check: CRAN incoming feasibility
Result: NOTE
Maintainer: ‘Antony Unwin<unwin@math.uni-augsburg.de>’
No Authors@R field in DESCRIPTION.
Please add one, modifying
Authors@R: person(given = "Antony",
family = "Unwin",
role = c("aut", "cre"),
email = "unwin@math.uni-augsburg.de")
as necessary.
Flavors: r-devel-linux-x86_64-debian-clang, r-devel-linux-x86_64-debian-gcc
These binaries (installable software) and packages are in development.
They may not be fully stable and should be used with caution. We make no claims about them.