CRAN Package Check Results for Package GDAtools

Last updated on 2025-05-08 04:52:05 CEST.

Flavor Version Tinstall Tcheck Ttotal Status Flags
r-devel-linux-x86_64-debian-clang 2.1 14.63 190.67 205.30 NOTE
r-devel-linux-x86_64-debian-gcc 2.1 9.19 127.14 136.33 NOTE
r-devel-linux-x86_64-fedora-clang 2.1 342.21 OK
r-devel-linux-x86_64-fedora-gcc 2.1 354.86 OK
r-devel-windows-x86_64 2.1 19.00 202.00 221.00 NOTE
r-patched-linux-x86_64 2.1 15.35 178.81 194.16 NOTE
r-release-linux-x86_64 2.1 14.10 177.91 192.01 NOTE
r-release-macos-arm64 2.1 79.00 OK
r-release-macos-x86_64 2.1 169.00 OK
r-release-windows-x86_64 2.1 19.00 200.00 219.00 NOTE
r-oldrel-macos-arm64 2.1 85.00 OK
r-oldrel-macos-x86_64 2.1 123.00 OK
r-oldrel-windows-x86_64 2.1 25.00 257.00 282.00 OK

Check Details

Version: 2.1
Check: Rd cross-references
Result: NOTE Found the following Rd file(s) with Rd \link{} targets missing package anchors: angles.csa.Rd: MCA dimdescr.Rd: dimdesc medoids.Rd: cluster, pam modif.rate.Rd: MCA Please provide package anchors for all Rd \link{} targets not in the package itself and the base packages. Flavors: r-devel-linux-x86_64-debian-clang, r-devel-linux-x86_64-debian-gcc, r-devel-windows-x86_64, r-patched-linux-x86_64, r-release-linux-x86_64, r-release-windows-x86_64

These binaries (installable software) and packages are in development.
They may not be fully stable and should be used with caution. We make no claims about them.