Last updated on 2025-05-01 12:49:28 CEST.
Flavor | Version | Tinstall | Tcheck | Ttotal | Status | Flags |
---|---|---|---|---|---|---|
r-devel-linux-x86_64-debian-clang | 1.2.1 | 28.95 | 131.69 | 160.64 | NOTE | |
r-devel-linux-x86_64-debian-gcc | 1.2.1 | 16.44 | 80.59 | 97.03 | OK | |
r-devel-linux-x86_64-fedora-clang | 1.2.1 | 247.09 | OK | |||
r-devel-linux-x86_64-fedora-gcc | 1.2.1 | 241.57 | OK | |||
r-devel-windows-x86_64 | 1.2.1 | 26.00 | 111.00 | 137.00 | OK | |
r-patched-linux-x86_64 | 1.2.1 | 25.80 | 126.52 | 152.32 | OK | |
r-release-linux-x86_64 | OK | |||||
r-release-macos-arm64 | 1.2.1 | 60.00 | OK | |||
r-release-macos-x86_64 | 1.2.1 | 121.00 | OK | |||
r-release-windows-x86_64 | 1.2.1 | 25.00 | 112.00 | 137.00 | OK | |
r-oldrel-macos-arm64 | 1.2.1 | 65.00 | OK | |||
r-oldrel-macos-x86_64 | 1.2.1 | 187.00 | OK | |||
r-oldrel-windows-x86_64 | 1.2.1 | 31.00 | 156.00 | 187.00 | OK |
Version: 1.2.1
Check: examples
Result: NOTE
Examples with CPU (user + system) or elapsed time > 5s
user system elapsed
Estimation 10.034 0.024 11.409
NaiveEstimation_RealData 7.987 0.000 9.792
Estimation_RealData 6.280 0.000 7.954
NaiveEstimation 3.819 0.000 5.135
Flavor: r-devel-linux-x86_64-debian-clang
Version: 1.2.1
Check: examples
Result: NA
user system elapsed
Estimation 6.624 0.047 8.079
NaiveEstimation_RealData 5.168 0.003 5.776
OK
Flavor: r-devel-linux-x86_64-debian-gcc
These binaries (installable software) and packages are in development.
They may not be fully stable and should be used with caution. We make no claims about them.