Last updated on 2025-05-01 10:50:10 CEST.
Flavor | Version | Tinstall | Tcheck | Ttotal | Status | Flags |
---|---|---|---|---|---|---|
r-devel-linux-x86_64-debian-clang | 1.0.2 | 33.96 | 23.99 | 57.95 | NOTE | |
r-devel-linux-x86_64-debian-gcc | 1.0.2 | 25.01 | 18.80 | 43.81 | NOTE | |
r-devel-linux-x86_64-fedora-clang | 1.0.2 | 98.12 | NOTE | |||
r-devel-linux-x86_64-fedora-gcc | 1.0.2 | 109.03 | NOTE | |||
r-devel-windows-x86_64 | 1.0.2 | 37.00 | 73.00 | 110.00 | OK | |
r-patched-linux-x86_64 | 1.0.2 | 33.55 | 23.00 | 56.55 | OK | |
r-release-linux-x86_64 | OK | |||||
r-release-macos-arm64 | 1.0.2 | 31.00 | OK | |||
r-release-macos-x86_64 | 1.0.2 | 55.00 | OK | |||
r-release-windows-x86_64 | 1.0.2 | 37.00 | 77.00 | 114.00 | OK | |
r-oldrel-macos-arm64 | 1.0.2 | 30.00 | OK | |||
r-oldrel-macos-x86_64 | 1.0.2 | 76.00 | OK | |||
r-oldrel-windows-x86_64 | 1.0.2 | 42.00 | 80.00 | 122.00 | OK |
Version: 1.0.2
Check: CRAN incoming feasibility
Result: NOTE
Maintainer: ‘Junghi Kim <junghikim0@gmail.com>’
No Authors@R field in DESCRIPTION.
Please add one, modifying
Authors@R: c(person(given = "Junghi",
family = "Kim",
role = c("aut", "cre"),
email = "junghikim0@gmail.com"),
person(given = "Wei",
family = "Pan",
role = "aut"))
as necessary.
Flavors: r-devel-linux-x86_64-debian-clang, r-devel-linux-x86_64-debian-gcc
Version: 1.0.2
Check: compiled code
Result: NOTE
File ‘GEEaSPU/libs/GEEaSPU.so’:
Found no calls to: ‘R_registerRoutines’, ‘R_useDynamicSymbols’
It is good practice to register native routines and to disable symbol
search.
See ‘Writing portable packages’ in the ‘Writing R Extensions’ manual.
Flavors: r-devel-linux-x86_64-fedora-clang, r-devel-linux-x86_64-fedora-gcc
These binaries (installable software) and packages are in development.
They may not be fully stable and should be used with caution. We make no claims about them.