Last updated on 2025-10-23 23:49:30 CEST.
| Flavor | Version | Tinstall | Tcheck | Ttotal | Status | Flags |
|---|---|---|---|---|---|---|
| r-devel-linux-x86_64-debian-clang | 1.0 | 5.44 | 43.62 | 49.06 | NOTE | |
| r-devel-linux-x86_64-debian-gcc | 1.0 | 3.94 | 30.95 | 34.89 | NOTE | |
| r-devel-linux-x86_64-fedora-clang | 1.0 | 12.00 | 57.04 | 69.04 | OK | |
| r-devel-linux-x86_64-fedora-gcc | 1.0 | 12.00 | 55.02 | 67.02 | OK | |
| r-devel-windows-x86_64 | 1.0 | 7.00 | 63.00 | 70.00 | OK | |
| r-patched-linux-x86_64 | 1.0 | 5.10 | 40.12 | 45.22 | OK | |
| r-release-linux-x86_64 | 1.0 | 4.97 | 39.55 | 44.52 | OK | |
| r-release-macos-arm64 | 1.0 | 3.00 | 25.00 | 28.00 | OK | |
| r-release-macos-x86_64 | 1.0 | 4.00 | 44.00 | 48.00 | OK | |
| r-release-windows-x86_64 | 1.0 | 8.00 | 59.00 | 67.00 | OK | |
| r-oldrel-macos-arm64 | 1.0 | 2.00 | 20.00 | 22.00 | OK | |
| r-oldrel-macos-x86_64 | 1.0 | 4.00 | 33.00 | 37.00 | OK | |
| r-oldrel-windows-x86_64 | 1.0 | 10.00 | 69.00 | 79.00 | OK |
Version: 1.0
Check: CRAN incoming feasibility
Result: NOTE
Maintainer: ‘Xiaoyan Wang <xywang@hnu.edu.cn>’
No Authors@R field in DESCRIPTION.
Please add one, modifying
Authors@R: c(person(given = "Xiaoyan",
family = "Wang",
role = c("aut", "cre"),
email = "xywang@hnu.edu.cn"),
person(given = "Hongduo",
family = "Liu",
role = "aut"),
person(given = "Shuangge",
family = "Ma",
role = "aut"))
as necessary.
Flavors: r-devel-linux-x86_64-debian-clang, r-devel-linux-x86_64-debian-gcc
These binaries (installable software) and packages are in development.
They may not be fully stable and should be used with caution. We make no claims about them.