Last updated on 2025-07-19 21:49:36 CEST.
Flavor | Version | Tinstall | Tcheck | Ttotal | Status | Flags |
---|---|---|---|---|---|---|
r-devel-linux-x86_64-debian-clang | 1.0.1 | 4.08 | 236.74 | 240.82 | OK | |
r-devel-linux-x86_64-debian-gcc | 1.0.1 | 3.34 | 160.50 | 163.84 | OK | |
r-devel-linux-x86_64-fedora-clang | 1.0.1 | 398.42 | OK | |||
r-devel-linux-x86_64-fedora-gcc | 1.0.1 | 439.41 | OK | |||
r-devel-windows-x86_64 | 1.0.1 | 10.00 | 298.00 | 308.00 | OK | |
r-patched-linux-x86_64 | 1.0.1 | 4.45 | 228.18 | 232.63 | OK | |
r-release-linux-x86_64 | 1.0.1 | 3.66 | 230.33 | 233.99 | OK | |
r-release-macos-arm64 | 1.0.1 | 147.00 | OK | |||
r-release-macos-x86_64 | 1.0.1 | 329.00 | OK | |||
r-release-windows-x86_64 | 1.0.1 | 11.00 | 329.00 | 340.00 | OK | |
r-oldrel-macos-arm64 | 1.0.1 | 138.00 | NOTE | |||
r-oldrel-macos-x86_64 | 1.0.1 | 331.00 | NOTE | |||
r-oldrel-windows-x86_64 | 1.0.1 | 12.00 | 370.00 | 382.00 | NOTE |
Version: 1.0.1
Check: installed package size
Result: NOTE
installed size is 9.4Mb
sub-directories of 1Mb or more:
doc 1.1Mb
extdata 8.2Mb
Flavors: r-oldrel-macos-arm64, r-oldrel-macos-x86_64, r-oldrel-windows-x86_64
These binaries (installable software) and packages are in development.
They may not be fully stable and should be used with caution. We make no claims about them.