CRAN Package Check Results for Package GFD

Last updated on 2025-02-16 10:50:47 CET.

Flavor Version Tinstall Tcheck Ttotal Status Flags
r-devel-linux-x86_64-debian-clang 0.3.3 6.55 62.01 68.56 NOTE
r-devel-linux-x86_64-debian-gcc 0.3.3 4.32 44.92 49.24 NOTE
r-devel-linux-x86_64-fedora-clang 0.3.3 116.93 NOTE
r-devel-linux-x86_64-fedora-gcc 0.3.3 120.80 NOTE
r-devel-macos-arm64 0.3.3 39.00 NOTE
r-devel-macos-x86_64 0.3.3 69.00 NOTE
r-devel-windows-x86_64 0.3.3 7.00 75.00 82.00 NOTE
r-patched-linux-x86_64 0.3.3 6.35 60.34 66.69 NOTE
r-release-linux-x86_64 0.3.3 6.54 59.24 65.78 NOTE
r-release-macos-arm64 0.3.3 36.00 NOTE
r-release-macos-x86_64 0.3.3 55.00 NOTE
r-release-windows-x86_64 0.3.3 8.00 74.00 82.00 NOTE
r-oldrel-macos-arm64 0.3.3 45.00 NOTE
r-oldrel-macos-x86_64 0.3.3 53.00 NOTE
r-oldrel-windows-x86_64 0.3.3 10.00 84.00 94.00 NOTE

Check Details

Version: 0.3.3
Check: Rd files
Result: NOTE checkRd: (-1) QANOVA.Rd:62: Lost braces in \itemize; meant \describe ? checkRd: (-1) QANOVA.Rd:63: Lost braces in \itemize; meant \describe ? checkRd: (-1) QANOVA.Rd:64-66: Lost braces in \itemize; meant \describe ? checkRd: (-1) QANOVA.Rd:67: Lost braces in \itemize; meant \describe ? Flavors: r-devel-linux-x86_64-debian-clang, r-devel-linux-x86_64-debian-gcc, r-devel-linux-x86_64-fedora-clang, r-devel-linux-x86_64-fedora-gcc, r-devel-macos-arm64, r-devel-macos-x86_64, r-devel-windows-x86_64, r-patched-linux-x86_64, r-release-linux-x86_64, r-release-macos-arm64, r-release-macos-x86_64, r-release-windows-x86_64

Version: 0.3.3
Check: package dependencies
Result: NOTE Package suggested but not available for checking: ‘RGtk2’ Flavors: r-patched-linux-x86_64, r-release-linux-x86_64, r-release-macos-arm64, r-release-macos-x86_64, r-release-windows-x86_64, r-oldrel-macos-arm64, r-oldrel-macos-x86_64, r-oldrel-windows-x86_64

These binaries (installable software) and packages are in development.
They may not be fully stable and should be used with caution. We make no claims about them.