CRAN Package Check Results for Package GFDmcv

Last updated on 2025-05-21 21:49:17 CEST.

Flavor Version Tinstall Tcheck Ttotal Status Flags
r-devel-linux-x86_64-debian-clang 0.1.0 31.93 69.37 101.30 NOTE
r-devel-linux-x86_64-debian-gcc 0.1.0 22.91 49.99 72.90 NOTE
r-devel-linux-x86_64-fedora-clang 0.1.0 168.79 OK
r-devel-linux-x86_64-fedora-gcc 0.1.0 165.95 OK
r-devel-windows-x86_64 0.1.0 40.00 94.00 134.00 OK
r-patched-linux-x86_64 0.1.0 32.25 66.59 98.84 OK
r-release-linux-x86_64 0.1.0 31.84 66.14 97.98 OK
r-release-macos-arm64 0.1.0 50.00 OK
r-release-macos-x86_64 0.1.0 85.00 OK
r-release-windows-x86_64 0.1.0 39.00 108.00 147.00 OK
r-oldrel-macos-arm64 0.1.0 43.00 OK
r-oldrel-macos-x86_64 0.1.0 64.00 OK
r-oldrel-windows-x86_64 0.1.0 45.00 123.00 168.00 OK

Check Details

Version: 0.1.0
Check: CRAN incoming feasibility
Result: NOTE Maintainer: ‘Lukasz Smaga <ls@amu.edu.pl>’ The Description field contains <arXiv:2301.12009>). We can verify the global hypothesis about equality Please refer to arXiv e-prints via their arXiv DOI <doi:10.48550/arXiv.YYMM.NNNNN>. Flavors: r-devel-linux-x86_64-debian-clang, r-devel-linux-x86_64-debian-gcc

These binaries (installable software) and packages are in development.
They may not be fully stable and should be used with caution. We make no claims about them.