Last updated on 2025-10-23 09:50:46 CEST.
Flavor | Version | Tinstall | Tcheck | Ttotal | Status | Flags |
---|---|---|---|---|---|---|
r-devel-linux-x86_64-debian-clang | 0.1.0 | 31.88 | 70.54 | 102.42 | NOTE | |
r-devel-linux-x86_64-debian-gcc | 0.1.0 | 20.18 | 50.85 | 71.03 | NOTE | |
r-devel-linux-x86_64-fedora-clang | 0.1.0 | 54.00 | 112.69 | 166.69 | OK | |
r-devel-linux-x86_64-fedora-gcc | 0.1.0 | 60.00 | 97.42 | 157.42 | OK | |
r-devel-windows-x86_64 | 0.1.0 | 39.00 | 92.00 | 131.00 | OK | |
r-patched-linux-x86_64 | 0.1.0 | 30.93 | 67.84 | 98.77 | OK | |
r-release-linux-x86_64 | 0.1.0 | 30.47 | 67.47 | 97.94 | OK | |
r-release-macos-arm64 | 0.1.0 | 14.00 | 36.00 | 50.00 | OK | |
r-release-macos-x86_64 | 0.1.0 | 23.00 | 62.00 | 85.00 | OK | |
r-release-windows-x86_64 | 0.1.0 | 39.00 | 93.00 | 132.00 | OK | |
r-oldrel-macos-arm64 | 0.1.0 | 12.00 | 31.00 | 43.00 | OK | |
r-oldrel-macos-x86_64 | 0.1.0 | 18.00 | 46.00 | 64.00 | OK | |
r-oldrel-windows-x86_64 | 0.1.0 | 54.00 | 120.00 | 174.00 | OK |
Version: 0.1.0
Check: CRAN incoming feasibility
Result: NOTE
Maintainer: ‘Lukasz Smaga <ls@amu.edu.pl>’
The Description field contains
<arXiv:2301.12009>). We can verify the global hypothesis about equality
Please refer to arXiv e-prints via their arXiv DOI <doi:10.48550/arXiv.YYMM.NNNNN>.
Flavors: r-devel-linux-x86_64-debian-clang, r-devel-linux-x86_64-debian-gcc
These binaries (installable software) and packages are in development.
They may not be fully stable and should be used with caution. We make no claims about them.