Last updated on 2025-05-01 17:56:04 CEST.
Flavor | Version | Tinstall | Tcheck | Ttotal | Status | Flags |
---|---|---|---|---|---|---|
r-devel-linux-x86_64-debian-clang | 0.1.1 | 5.29 | 44.81 | 50.10 | NOTE | |
r-devel-linux-x86_64-debian-gcc | 0.1.1 | 3.37 | 32.31 | 35.68 | NOTE | |
r-devel-linux-x86_64-fedora-clang | 0.1.1 | 77.86 | OK | |||
r-devel-linux-x86_64-fedora-gcc | 0.1.1 | 76.19 | OK | |||
r-devel-windows-x86_64 | 0.1.1 | 6.00 | 69.00 | 75.00 | OK | |
r-patched-linux-x86_64 | 0.1.1 | 5.11 | 42.75 | 47.86 | OK | |
r-release-linux-x86_64 | OK | |||||
r-release-macos-arm64 | 0.1.1 | 27.00 | OK | |||
r-release-macos-x86_64 | 0.1.1 | 47.00 | OK | |||
r-release-windows-x86_64 | 0.1.1 | 6.00 | 70.00 | 76.00 | OK | |
r-oldrel-macos-arm64 | 0.1.1 | 28.00 | OK | |||
r-oldrel-macos-x86_64 | 0.1.1 | 39.00 | OK | |||
r-oldrel-windows-x86_64 | 0.1.1 | 7.00 | 78.00 | 85.00 | OK |
Version: 0.1.1
Check: CRAN incoming feasibility
Result: NOTE
Maintainer: ‘Acero William <wfaceror@unal.edu.co>’
No Authors@R field in DESCRIPTION.
Please add one, modifying
Authors@R: c(person(given = "Acero",
family = "William",
role = c("aut", "cre"),
email = "wfaceror@unal.edu.co"),
person(given = "Gutierrez",
family = "Andres",
role = "aut",
email = "andres.gutierrez@un.org"),
person(given = "Trujillo",
family = "Leonardo",
role = "aut",
email = "ltrujillo@unal.edu.co"))
as necessary.
Flavors: r-devel-linux-x86_64-debian-clang, r-devel-linux-x86_64-debian-gcc
Version: 0.1.1
Check: examples
Result: NOTE
Examples with CPU (user + system) or elapsed time > 5s
user system elapsed
reSamGF 7.386 0.094 9.203
Flavor: r-devel-linux-x86_64-debian-clang
Version: 0.1.1
Check: examples
Result: NA
user system elapsed
reSamGF 4.174 0.065 5.097
OK
Flavor: r-devel-linux-x86_64-debian-gcc
These binaries (installable software) and packages are in development.
They may not be fully stable and should be used with caution. We make no claims about them.