CRAN Package Check Results for Package GFGM.copula

Last updated on 2025-05-08 04:52:06 CEST.

Flavor Version Tinstall Tcheck Ttotal Status Flags
r-devel-linux-x86_64-debian-clang 1.0.4 10.44 64.55 74.99 NOTE
r-devel-linux-x86_64-debian-gcc 1.0.4 7.69 47.09 54.78 NOTE
r-devel-linux-x86_64-fedora-clang 1.0.4 118.51 OK
r-devel-linux-x86_64-fedora-gcc 1.0.4 113.51 OK
r-devel-windows-x86_64 1.0.4 11.00 78.00 89.00 OK
r-patched-linux-x86_64 1.0.4 10.83 62.25 73.08 OK
r-release-linux-x86_64 1.0.4 8.77 62.00 70.77 OK
r-release-macos-arm64 1.0.4 39.00 OK
r-release-macos-x86_64 1.0.4 70.00 OK
r-release-windows-x86_64 1.0.4 11.00 80.00 91.00 OK
r-oldrel-macos-arm64 1.0.4 33.00 NOTE
r-oldrel-macos-x86_64 1.0.4 53.00 NOTE
r-oldrel-windows-x86_64 1.0.4 16.00 94.00 110.00 NOTE

Check Details

Version: 1.0.4
Check: CRAN incoming feasibility
Result: NOTE Maintainer: ‘Jia-Han Shih <tommy355097@gmail.com>’ No Authors@R field in DESCRIPTION. Please add one, modifying Authors@R: person(given = "Jia-Han", family = "Shih", role = c("aut", "cre"), email = "tommy355097@gmail.com") as necessary. Flavors: r-devel-linux-x86_64-debian-clang, r-devel-linux-x86_64-debian-gcc

Version: 1.0.4
Check: LazyData
Result: NOTE 'LazyData' is specified without a 'data' directory Flavors: r-oldrel-macos-arm64, r-oldrel-macos-x86_64, r-oldrel-windows-x86_64

These binaries (installable software) and packages are in development.
They may not be fully stable and should be used with caution. We make no claims about them.