Last updated on 2025-05-01 10:50:10 CEST.
Flavor | Version | Tinstall | Tcheck | Ttotal | Status | Flags |
---|---|---|---|---|---|---|
r-devel-linux-x86_64-debian-clang | 0.1 | 32.85 | 21.45 | 54.30 | OK | |
r-devel-linux-x86_64-debian-gcc | 0.1 | 23.34 | 18.13 | 41.47 | OK | |
r-devel-linux-x86_64-fedora-clang | 0.1 | 99.98 | OK | |||
r-devel-linux-x86_64-fedora-gcc | 0.1 | 96.32 | OK | |||
r-devel-windows-x86_64 | 0.1 | 37.00 | 63.00 | 100.00 | OK | |
r-patched-linux-x86_64 | 0.1 | 29.75 | 21.88 | 51.63 | OK | |
r-release-linux-x86_64 | OK | |||||
r-release-macos-arm64 | 0.1 | 28.00 | OK | |||
r-release-macos-x86_64 | 0.1 | 36.00 | OK | |||
r-release-windows-x86_64 | 0.1 | 37.00 | 66.00 | 103.00 | OK | |
r-oldrel-macos-arm64 | 0.1 | 29.00 | NOTE | |||
r-oldrel-macos-x86_64 | 0.1 | 33.00 | NOTE | |||
r-oldrel-windows-x86_64 | 0.1 | 42.00 | 68.00 | 110.00 | OK |
Version: 0.1
Check: installed package size
Result: NOTE
installed size is 7.4Mb
sub-directories of 1Mb or more:
libs 7.3Mb
Flavors: r-oldrel-macos-arm64, r-oldrel-macos-x86_64
These binaries (installable software) and packages are in development.
They may not be fully stable and should be used with caution. We make no claims about them.