CRAN Package Check Results for Package GGClassification

Last updated on 2025-11-16 03:49:57 CET.

Flavor Version Tinstall Tcheck Ttotal Status Flags
r-devel-linux-x86_64-debian-clang 0.1 32.65 23.31 55.96 OK
r-devel-linux-x86_64-debian-gcc 0.1 20.18 19.40 39.58 OK
r-devel-linux-x86_64-fedora-clang 0.1 80.00 14.93 94.93 OK
r-devel-linux-x86_64-fedora-gcc 0.1 63.00 26.74 89.74 OK
r-devel-windows-x86_64 0.1 42.00 62.00 104.00 OK
r-patched-linux-x86_64 0.1 31.07 22.79 53.86 OK
r-release-linux-x86_64 0.1 26.25 23.00 49.25 OK
r-release-macos-arm64 0.1 13.00 15.00 28.00 OK
r-release-macos-x86_64 0.1 14.00 22.00 36.00 OK
r-release-windows-x86_64 0.1 37.00 68.00 105.00 OK
r-oldrel-macos-arm64 0.1 14.00 15.00 29.00 NOTE
r-oldrel-macos-x86_64 0.1 13.00 20.00 33.00 NOTE
r-oldrel-windows-x86_64 0.1 46.00 67.00 113.00 OK

Check Details

Version: 0.1
Check: installed package size
Result: NOTE installed size is 7.4Mb sub-directories of 1Mb or more: libs 7.3Mb Flavors: r-oldrel-macos-arm64, r-oldrel-macos-x86_64

These binaries (installable software) and packages are in development.
They may not be fully stable and should be used with caution. We make no claims about them.