Last updated on 2025-10-23 11:50:14 CEST.
Flavor | Version | Tinstall | Tcheck | Ttotal | Status | Flags |
---|---|---|---|---|---|---|
r-devel-linux-x86_64-debian-clang | 3.3-0 | 33.64 | 295.97 | 329.61 | OK | |
r-devel-linux-x86_64-debian-gcc | 3.3-0 | 19.98 | 196.39 | 216.37 | OK | |
r-devel-linux-x86_64-fedora-clang | 3.3-0 | 81.00 | 421.81 | 502.81 | OK | |
r-devel-linux-x86_64-fedora-gcc | 3.3-0 | 64.00 | 459.04 | 523.04 | OK | |
r-devel-windows-x86_64 | 3.3-0 | 33.00 | 329.00 | 362.00 | OK | |
r-patched-linux-x86_64 | 3.3-0 | 32.79 | 273.22 | 306.01 | OK | |
r-release-linux-x86_64 | 3.3-0 | 29.84 | 276.48 | 306.32 | OK | |
r-release-macos-arm64 | 3.3-0 | 15.00 | 143.00 | 158.00 | OK | |
r-release-macos-x86_64 | 3.3-0 | 32.00 | 223.00 | 255.00 | OK | |
r-release-windows-x86_64 | 3.3-0 | 33.00 | 334.00 | 367.00 | OK | |
r-oldrel-macos-arm64 | 3.3-0 | 13.00 | 149.00 | 162.00 | NOTE | |
r-oldrel-macos-x86_64 | 3.3-0 | 33.00 | 309.00 | 342.00 | NOTE | |
r-oldrel-windows-x86_64 | 3.3-0 | 48.00 | 407.00 | 455.00 | NOTE |
Version: 3.3-0
Check: installed package size
Result: NOTE
installed size is 11.0Mb
sub-directories of 1Mb or more:
R 2.1Mb
doc 7.3Mb
Flavors: r-oldrel-macos-arm64, r-oldrel-macos-x86_64, r-oldrel-windows-x86_64
These binaries (installable software) and packages are in development.
They may not be fully stable and should be used with caution. We make no claims about them.