Last updated on 2024-07-27 15:50:18 CEST.
Flavor | Version | Tinstall | Tcheck | Ttotal | Status | Flags |
---|---|---|---|---|---|---|
r-devel-linux-x86_64-debian-clang | 3.1-2 | 43.35 | 305.01 | 348.36 | OK | |
r-devel-linux-x86_64-debian-gcc | 3.1-2 | OK | ||||
r-devel-linux-x86_64-fedora-clang | 3.1-2 | 443.98 | NOTE | |||
r-devel-linux-x86_64-fedora-gcc | 3.1-2 | 433.10 | OK | |||
r-devel-windows-x86_64 | 3.1-2 | 30.00 | 275.00 | 305.00 | NOTE | |
r-patched-linux-x86_64 | 3.1-2 | OK | ||||
r-release-linux-x86_64 | 3.1-2 | 23.67 | 288.37 | 312.04 | OK | |
r-release-macos-arm64 | 3.1-2 | 142.00 | NOTE | |||
r-release-macos-x86_64 | 3.1-2 | 337.00 | NOTE | |||
r-release-windows-x86_64 | 3.1-2 | 29.00 | 268.00 | 297.00 | NOTE | |
r-oldrel-macos-arm64 | 3.1-2 | 165.00 | NOTE | |||
r-oldrel-macos-x86_64 | 3.1-2 | 279.00 | NOTE | |||
r-oldrel-windows-x86_64 | 3.1-2 | 38.00 | 319.00 | 357.00 | NOTE |
Version: 3.1-2
Check: installed package size
Result: NOTE
installed size is 10.0Mb
sub-directories of 1Mb or more:
R 1.0Mb
doc 7.4Mb
Flavors: r-devel-linux-x86_64-fedora-clang, r-devel-windows-x86_64, r-release-macos-arm64, r-release-macos-x86_64, r-release-windows-x86_64, r-oldrel-macos-arm64, r-oldrel-macos-x86_64, r-oldrel-windows-x86_64
These binaries (installable software) and packages are in development.
They may not be fully stable and should be used with caution. We make no claims about them.