Last updated on 2025-05-21 21:49:18 CEST.
Flavor | Version | Tinstall | Tcheck | Ttotal | Status | Flags |
---|---|---|---|---|---|---|
r-devel-linux-x86_64-debian-clang | 3.2-6 | 32.36 | 273.64 | 306.00 | OK | |
r-devel-linux-x86_64-debian-gcc | 3.2-6 | 22.36 | 176.83 | 199.19 | OK | |
r-devel-linux-x86_64-fedora-clang | 3.2-6 | 487.72 | OK | |||
r-devel-linux-x86_64-fedora-gcc | 3.2-6 | 522.72 | OK | |||
r-devel-windows-x86_64 | 3.2-6 | 34.00 | 316.00 | 350.00 | OK | |
r-patched-linux-x86_64 | 3.2-6 | 38.50 | 255.45 | 293.95 | OK | |
r-release-linux-x86_64 | 3.2-6 | 32.12 | 253.53 | 285.65 | OK | |
r-release-macos-arm64 | 3.2-6 | 126.00 | OK | |||
r-release-macos-x86_64 | 3.2-6 | 228.00 | OK | |||
r-release-windows-x86_64 | 3.2-6 | 34.00 | 322.00 | 356.00 | OK | |
r-oldrel-macos-arm64 | 3.2-6 | 147.00 | NOTE | |||
r-oldrel-macos-x86_64 | 3.2-6 | 262.00 | NOTE | |||
r-oldrel-windows-x86_64 | 3.2-6 | 47.00 | 388.00 | 435.00 | NOTE |
Version: 3.2-6
Check: installed package size
Result: NOTE
installed size is 11.0Mb
sub-directories of 1Mb or more:
R 2.1Mb
doc 7.2Mb
Flavors: r-oldrel-macos-arm64, r-oldrel-macos-x86_64, r-oldrel-windows-x86_64
These binaries (installable software) and packages are in development.
They may not be fully stable and should be used with caution. We make no claims about them.