CRAN Package Check Results for Package GGMnonreg

Last updated on 2025-05-07 15:49:17 CEST.

Flavor Version Tinstall Tcheck Ttotal Status Flags
r-devel-linux-x86_64-debian-clang 1.0.0 12.07 98.14 110.21 NOTE
r-devel-linux-x86_64-debian-gcc 1.0.0 8.46 69.74 78.20 NOTE
r-devel-linux-x86_64-fedora-clang 1.0.0 167.47 NOTE
r-devel-linux-x86_64-fedora-gcc 1.0.0 169.05 NOTE
r-devel-windows-x86_64 1.0.0 13.00 106.00 119.00 NOTE
r-patched-linux-x86_64 1.0.0 11.67 89.34 101.01 NOTE
r-release-linux-x86_64 1.0.0 10.98 88.91 99.89 NOTE
r-release-macos-arm64 1.0.0 50.00 NOTE
r-release-macos-x86_64 1.0.0 89.00 NOTE
r-release-windows-x86_64 1.0.0 13.00 108.00 121.00 NOTE
r-oldrel-macos-arm64 1.0.0 46.00 NOTE
r-oldrel-macos-x86_64 1.0.0 75.00 NOTE
r-oldrel-windows-x86_64 1.0.0 18.00 131.00 149.00 NOTE

Check Details

Version: 1.0.0
Check: Rd files
Result: NOTE checkRd: (-1) constrained.Rd:37: Escaped LaTeX specials: \& Flavors: r-devel-linux-x86_64-debian-clang, r-devel-linux-x86_64-debian-gcc, r-devel-linux-x86_64-fedora-clang, r-devel-linux-x86_64-fedora-gcc, r-devel-windows-x86_64, r-patched-linux-x86_64, r-release-linux-x86_64, r-release-macos-arm64, r-release-macos-x86_64, r-release-windows-x86_64, r-oldrel-macos-arm64, r-oldrel-macos-x86_64, r-oldrel-windows-x86_64

Version: 1.0.0
Check: dependencies in R code
Result: NOTE Namespaces in Imports field not imported from: ‘Matrix’ ‘Rdpack’ All declared Imports should be used. Flavors: r-devel-linux-x86_64-fedora-clang, r-devel-linux-x86_64-fedora-gcc

These binaries (installable software) and packages are in development.
They may not be fully stable and should be used with caution. We make no claims about them.