Last updated on 2025-05-01 14:49:11 CEST.
Flavor | Version | Tinstall | Tcheck | Ttotal | Status | Flags |
---|---|---|---|---|---|---|
r-devel-linux-x86_64-debian-clang | 0.5 | 12.91 | 118.99 | 131.90 | NOTE | |
r-devel-linux-x86_64-debian-gcc | 0.5 | 9.90 | 85.35 | 95.25 | NOTE | |
r-devel-linux-x86_64-fedora-clang | 0.5 | 205.14 | NOTE | |||
r-devel-linux-x86_64-fedora-gcc | 0.5 | 196.74 | NOTE | |||
r-devel-windows-x86_64 | 0.5 | 15.00 | 110.00 | 125.00 | NOTE | |
r-patched-linux-x86_64 | 0.5 | 14.01 | 111.32 | 125.33 | NOTE | |
r-release-linux-x86_64 | NOTE | |||||
r-release-macos-arm64 | 0.5 | 58.00 | NOTE | |||
r-release-macos-x86_64 | 0.5 | 174.00 | NOTE | |||
r-release-windows-x86_64 | 0.5 | 15.00 | 112.00 | 127.00 | NOTE | |
r-oldrel-macos-arm64 | 0.5 | 57.00 | NOTE | |||
r-oldrel-macos-x86_64 | 0.5 | 131.00 | NOTE | |||
r-oldrel-windows-x86_64 | 0.5 | 17.00 | 136.00 | 153.00 | NOTE |
Version: 0.5
Check: Rd files
Result: NOTE
checkRd: (-1) MODFIT.Rd:33: Lost braces; missing escapes or markup?
33 | {chisq_i = sum( (O_iz - E_iz)^2 / E_iz; z = 0, ..., C ), }
| ^
checkRd: (-1) probs.GGUM.Rd:27: Lost braces; missing escapes or markup?
27 | GUM-based probabilities just constrain alpha to a unit vector of length {I}
| ^
Flavors: r-devel-linux-x86_64-debian-clang, r-devel-linux-x86_64-debian-gcc, r-devel-linux-x86_64-fedora-clang, r-devel-linux-x86_64-fedora-gcc, r-devel-windows-x86_64, r-patched-linux-x86_64, r-release-linux-x86_64, r-release-macos-arm64, r-release-macos-x86_64, r-release-windows-x86_64, r-oldrel-macos-arm64, r-oldrel-macos-x86_64, r-oldrel-windows-x86_64
These binaries (installable software) and packages are in development.
They may not be fully stable and should be used with caution. We make no claims about them.