Last updated on 2024-07-27 15:50:19 CEST.
Flavor | Version | Tinstall | Tcheck | Ttotal | Status | Flags |
---|---|---|---|---|---|---|
r-devel-linux-x86_64-debian-clang | 0.5 | 15.95 | 145.23 | 161.18 | NOTE | |
r-devel-linux-x86_64-debian-gcc | 0.5 | NOTE | ||||
r-devel-linux-x86_64-fedora-clang | 0.5 | 203.73 | NOTE | |||
r-devel-linux-x86_64-fedora-gcc | 0.5 | 195.21 | NOTE | |||
r-devel-windows-x86_64 | 0.5 | 15.00 | 109.00 | 124.00 | NOTE | |
r-patched-linux-x86_64 | 0.5 | NOTE | ||||
r-release-linux-x86_64 | 0.5 | 14.46 | 139.56 | 154.02 | NOTE | |
r-release-macos-arm64 | 0.5 | 57.00 | NOTE | |||
r-release-macos-x86_64 | 0.5 | 131.00 | NOTE | |||
r-release-windows-x86_64 | 0.5 | 14.00 | 106.00 | 120.00 | NOTE | |
r-oldrel-macos-arm64 | 0.5 | 67.00 | OK | |||
r-oldrel-macos-x86_64 | 0.5 | 98.00 | OK | |||
r-oldrel-windows-x86_64 | 0.5 | 17.00 | 126.00 | 143.00 | OK |
Version: 0.5
Check: Rd files
Result: NOTE
checkRd: (-1) MODFIT.Rd:33: Lost braces; missing escapes or markup?
33 | {chisq_i = sum( (O_iz - E_iz)^2 / E_iz; z = 0, ..., C ), }
| ^
checkRd: (-1) probs.GGUM.Rd:27: Lost braces; missing escapes or markup?
27 | GUM-based probabilities just constrain alpha to a unit vector of length {I}
| ^
Flavors: r-devel-linux-x86_64-debian-clang, r-devel-linux-x86_64-debian-gcc, r-devel-linux-x86_64-fedora-clang, r-devel-linux-x86_64-fedora-gcc, r-devel-windows-x86_64, r-patched-linux-x86_64, r-release-linux-x86_64, r-release-macos-arm64, r-release-macos-x86_64, r-release-windows-x86_64
These binaries (installable software) and packages are in development.
They may not be fully stable and should be used with caution. We make no claims about them.