Last updated on 2025-10-23 11:50:14 CEST.
Flavor | Version | Tinstall | Tcheck | Ttotal | Status | Flags |
---|---|---|---|---|---|---|
r-devel-linux-x86_64-debian-clang | 2.4.0 | 15.39 | 208.73 | 224.12 | NOTE | |
r-devel-linux-x86_64-debian-gcc | 2.4.0 | 9.38 | 136.78 | 146.16 | OK | |
r-devel-linux-x86_64-fedora-clang | 2.4.0 | 67.00 | 303.17 | 370.17 | OK | |
r-devel-linux-x86_64-fedora-gcc | 2.4.0 | 108.00 | 299.58 | 407.58 | OK | |
r-devel-windows-x86_64 | 2.4.0 | 16.00 | 217.00 | 233.00 | OK | |
r-patched-linux-x86_64 | 2.4.0 | 15.27 | 192.20 | 207.47 | OK | |
r-release-linux-x86_64 | 2.4.0 | 12.73 | 192.62 | 205.35 | OK | |
r-release-macos-arm64 | 2.4.0 | 5.00 | 98.00 | 103.00 | OK | |
r-release-macos-x86_64 | 2.4.0 | 12.00 | 226.00 | 238.00 | OK | |
r-release-windows-x86_64 | 2.4.0 | 15.00 | 215.00 | 230.00 | OK | |
r-oldrel-macos-arm64 | 2.4.0 | 6.00 | 112.00 | 118.00 | OK | |
r-oldrel-macos-x86_64 | 2.4.0 | 11.00 | 202.00 | 213.00 | OK | |
r-oldrel-windows-x86_64 | 2.4.0 | 24.00 | 275.00 | 299.00 | OK |
Version: 2.4.0
Check: HTML version of manual
Result: NOTE
Found the following HTML validation problems:
add_ref_boxes.html:73:1 (add_ref_boxes.Rd:27): Warning: missing </ul> before </div>
add_ref_lines.html:58:1 (add_ref_lines.Rd:16): Warning: missing </ul> before </div>
brew_colors.html:46:1 (brew_colors.Rd:10): Warning: missing </ul> before </div>
get_x_axis_labels.html:50:1 (get_x_axis_labels.Rd:12): Warning: missing </ul> before </div>
is_date.html:46:1 (is_date.Rd:10): Warning: missing </ul> before </div>
mapping_color_to_fill.html:46:1 (mapping_color_to_fill.Rd:10): Warning: missing </ul> before </div>
plotting_data_type.html:46:1 (plotting_data_type.Rd:10): Warning: missing </ul> before </div>
print_if_interactive.html:46:1 (print_if_interactive.Rd:10): Warning: missing </ul> before </div>
rescale01.html:60:1 (rescale01.Rd:27): Warning: missing </ul> before </div>
str.ggmatrix.html:48:1 (str.ggmatrix.Rd:11): Warning: missing </ul> before </div>
Flavor: r-devel-linux-x86_64-debian-clang
These binaries (installable software) and packages are in development.
They may not be fully stable and should be used with caution. We make no claims about them.