Last updated on 2025-05-01 17:56:04 CEST.
Flavor | Version | Tinstall | Tcheck | Ttotal | Status | Flags |
---|---|---|---|---|---|---|
r-devel-linux-x86_64-debian-clang | 1.0.0 | 4.46 | 51.07 | 55.53 | NOTE | |
r-devel-linux-x86_64-debian-gcc | 1.0.0 | 3.37 | 37.62 | 40.99 | OK | |
r-devel-linux-x86_64-fedora-clang | 1.0.0 | 77.60 | OK | |||
r-devel-linux-x86_64-fedora-gcc | 1.0.0 | 77.48 | OK | |||
r-devel-windows-x86_64 | 1.0.0 | 6.00 | 67.00 | 73.00 | OK | |
r-patched-linux-x86_64 | 1.0.0 | 4.21 | 48.99 | 53.20 | OK | |
r-release-linux-x86_64 | OK | |||||
r-release-macos-arm64 | 1.0.0 | 46.00 | OK | |||
r-release-macos-x86_64 | 1.0.0 | 51.00 | OK | |||
r-release-windows-x86_64 | 1.0.0 | 6.00 | 69.00 | 75.00 | OK | |
r-oldrel-macos-arm64 | 1.0.0 | 28.00 | OK | |||
r-oldrel-macos-x86_64 | 1.0.0 | 43.00 | OK | |||
r-oldrel-windows-x86_64 | 1.0.0 | 8.00 | 78.00 | 86.00 | OK |
Version: 1.0.0
Check: examples
Result: NOTE
Examples with CPU (user + system) or elapsed time > 5s
user system elapsed
iteration 5.746 0.046 7.077
GIC 5.242 0.095 6.592
Flavor: r-devel-linux-x86_64-debian-clang
Version: 1.0.0
Check: examples
Result: NA
user system elapsed
GIC 4.253 0.106 5.684
OK
Flavor: r-devel-linux-x86_64-debian-gcc
These binaries (installable software) and packages are in development.
They may not be fully stable and should be used with caution. We make no claims about them.