Last updated on 2025-11-11 15:50:35 CET.
| Flavor | Version | Tinstall | Tcheck | Ttotal | Status | Flags |
|---|---|---|---|---|---|---|
| r-devel-linux-x86_64-debian-clang | 1.3.3 | 14.58 | 138.89 | 153.47 | OK | |
| r-devel-linux-x86_64-debian-gcc | 1.3.3 | 10.90 | 99.47 | 110.37 | OK | |
| r-devel-linux-x86_64-fedora-clang | 1.3.3 | 30.00 | 194.18 | 224.18 | OK | |
| r-devel-linux-x86_64-fedora-gcc | 1.3.3 | 31.00 | 211.65 | 242.65 | OK | |
| r-devel-windows-x86_64 | 1.3.3 | 18.00 | 141.00 | 159.00 | OK | |
| r-patched-linux-x86_64 | 1.3.3 | 14.75 | 130.01 | 144.76 | OK | |
| r-release-linux-x86_64 | 1.3.3 | 14.46 | 131.11 | 145.57 | OK | |
| r-release-macos-arm64 | 1.3.3 | 6.00 | 234.00 | 240.00 | OK | |
| r-release-macos-x86_64 | 1.3.3 | 13.00 | 277.00 | 290.00 | OK | |
| r-release-windows-x86_64 | 1.3.3 | 16.00 | 136.00 | 152.00 | OK | |
| r-oldrel-macos-arm64 | 1.3.3 | 7.00 | 228.00 | 235.00 | NOTE | |
| r-oldrel-macos-x86_64 | 1.3.3 | 12.00 | 267.00 | 279.00 | NOTE | |
| r-oldrel-windows-x86_64 | 1.3.3 | 24.00 | 182.00 | 206.00 | NOTE |
Version: 1.3.3
Check: installed package size
Result: NOTE
installed size is 6.4Mb
sub-directories of 1Mb or more:
doc 3.1Mb
help 3.0Mb
Flavors: r-oldrel-macos-arm64, r-oldrel-macos-x86_64, r-oldrel-windows-x86_64
These binaries (installable software) and packages are in development.
They may not be fully stable and should be used with caution. We make no claims about them.