Last updated on 2025-10-03 11:50:45 CEST.
Flavor | Version | Tinstall | Tcheck | Ttotal | Status | Flags |
---|---|---|---|---|---|---|
r-devel-linux-x86_64-debian-clang | 1.3.3 | 14.14 | 138.04 | 152.18 | OK | |
r-devel-linux-x86_64-debian-gcc | 1.3.3 | 9.66 | 99.09 | 108.75 | OK | |
r-devel-linux-x86_64-fedora-clang | 1.3.3 | 223.46 | OK | |||
r-devel-linux-x86_64-fedora-gcc | 1.3.3 | 241.93 | OK | |||
r-devel-windows-x86_64 | 1.3.3 | 19.00 | 140.00 | 159.00 | OK | |
r-patched-linux-x86_64 | 1.3.3 | 12.93 | 129.22 | 142.15 | OK | |
r-release-linux-x86_64 | 1.3.3 | 13.54 | 131.01 | 144.55 | OK | |
r-release-macos-arm64 | 1.3.3 | 240.00 | OK | |||
r-release-macos-x86_64 | 1.3.3 | 290.00 | OK | |||
r-release-windows-x86_64 | 1.3.3 | 16.00 | 139.00 | 155.00 | OK | |
r-oldrel-macos-arm64 | 1.3.3 | 235.00 | NOTE | |||
r-oldrel-macos-x86_64 | 1.3.3 | 279.00 | NOTE | |||
r-oldrel-windows-x86_64 | 1.3.3 | 22.00 | 184.00 | 206.00 | NOTE |
Version: 1.3.3
Check: installed package size
Result: NOTE
installed size is 6.4Mb
sub-directories of 1Mb or more:
doc 3.1Mb
help 3.0Mb
Flavors: r-oldrel-macos-arm64, r-oldrel-macos-x86_64, r-oldrel-windows-x86_64
These binaries (installable software) and packages are in development.
They may not be fully stable and should be used with caution. We make no claims about them.