Last updated on 2025-05-01 17:56:04 CEST.
Flavor | Version | Tinstall | Tcheck | Ttotal | Status | Flags |
---|---|---|---|---|---|---|
r-devel-linux-x86_64-debian-clang | 1.3.3 | 15.00 | 146.80 | 161.80 | OK | |
r-devel-linux-x86_64-debian-gcc | 1.3.3 | 11.59 | 103.50 | 115.09 | OK | |
r-devel-linux-x86_64-fedora-clang | 1.3.3 | 233.56 | OK | |||
r-devel-linux-x86_64-fedora-gcc | 1.3.3 | 249.51 | OK | |||
r-devel-windows-x86_64 | 1.3.3 | 16.00 | 142.00 | 158.00 | OK | |
r-patched-linux-x86_64 | 1.3.3 | 15.91 | 132.83 | 148.74 | OK | |
r-release-linux-x86_64 | OK | |||||
r-release-macos-arm64 | 1.3.3 | 240.00 | OK | |||
r-release-macos-x86_64 | 1.3.3 | 290.00 | OK | |||
r-release-windows-x86_64 | 1.3.3 | 17.00 | 146.00 | 163.00 | OK | |
r-oldrel-macos-arm64 | 1.3.3 | 235.00 | NOTE | |||
r-oldrel-macos-x86_64 | 1.3.3 | 279.00 | NOTE | |||
r-oldrel-windows-x86_64 | 1.3.3 | 23.00 | 181.00 | 204.00 | NOTE |
Version: 1.3.3
Check: installed package size
Result: NOTE
installed size is 6.4Mb
sub-directories of 1Mb or more:
doc 3.1Mb
help 3.0Mb
Flavors: r-oldrel-macos-arm64, r-oldrel-macos-x86_64, r-oldrel-windows-x86_64
These binaries (installable software) and packages are in development.
They may not be fully stable and should be used with caution. We make no claims about them.