Last updated on 2024-07-27 15:50:19 CEST.
Flavor | Version | Tinstall | Tcheck | Ttotal | Status | Flags |
---|---|---|---|---|---|---|
r-devel-linux-x86_64-debian-clang | 0.8 | 2.85 | 23.38 | 26.23 | OK | |
r-devel-linux-x86_64-debian-gcc | 0.8 | OK | ||||
r-devel-linux-x86_64-fedora-clang | 0.8 | 34.15 | NOTE | |||
r-devel-linux-x86_64-fedora-gcc | 0.8 | 32.62 | OK | |||
r-devel-windows-x86_64 | 0.8 | 6.00 | 45.00 | 51.00 | OK | |
r-patched-linux-x86_64 | 0.8 | OK | ||||
r-release-linux-x86_64 | 0.8 | 2.98 | 23.10 | 26.08 | OK | |
r-release-macos-arm64 | 0.8 | 15.00 | OK | |||
r-release-macos-x86_64 | 0.8 | 27.00 | OK | |||
r-release-windows-x86_64 | 0.8 | 5.00 | 45.00 | 50.00 | OK | |
r-oldrel-macos-arm64 | 0.8 | 17.00 | OK | |||
r-oldrel-macos-x86_64 | 0.8 | 23.00 | OK | |||
r-oldrel-windows-x86_64 | 0.8 | 8.00 | 44.00 | 52.00 | OK |
Version: 0.8
Check: Rd cross-references
Result: NOTE
Undeclared package ‘Runuran’ in Rd xrefs
Flavor: r-devel-linux-x86_64-fedora-clang
These binaries (installable software) and packages are in development.
They may not be fully stable and should be used with caution. We make no claims about them.