Last updated on 2025-10-23 17:50:49 CEST.
Flavor | Version | Tinstall | Tcheck | Ttotal | Status | Flags |
---|---|---|---|---|---|---|
r-devel-linux-x86_64-debian-clang | 0.1.0 | 12.91 | 615.53 | 628.44 | NOTE | |
r-devel-linux-x86_64-debian-gcc | 0.1.0 | 10.43 | 363.13 | 373.56 | OK | |
r-devel-linux-x86_64-fedora-clang | 0.1.0 | 27.00 | 959.92 | 986.92 | OK | |
r-devel-linux-x86_64-fedora-gcc | 0.1.0 | 29.00 | 954.19 | 983.19 | OK | |
r-devel-windows-x86_64 | 0.1.0 | 15.00 | 460.00 | 475.00 | OK | |
r-patched-linux-x86_64 | 0.1.0 | 12.81 | 582.03 | 594.84 | OK | |
r-release-linux-x86_64 | 0.1.0 | 13.34 | 580.91 | 594.25 | OK | |
r-release-macos-arm64 | 0.1.0 | 6.00 | 225.00 | 231.00 | OK | |
r-release-macos-x86_64 | 0.1.0 | 12.00 | 486.00 | 498.00 | OK | |
r-release-windows-x86_64 | 0.1.0 | 14.00 | 457.00 | 471.00 | OK | |
r-oldrel-macos-arm64 | 0.1.0 | 6.00 | 225.00 | 231.00 | OK | |
r-oldrel-macos-x86_64 | 0.1.0 | 9.00 | 398.00 | 407.00 | OK | |
r-oldrel-windows-x86_64 | 0.1.0 | 21.00 | 679.00 | 700.00 | OK |
Version: 0.1.0
Check: HTML version of manual
Result: NOTE
Found the following HTML validation problems:
environmentSetup.html:48:1 (environmentSetup.Rd:10): Warning: missing </ul> before </div>
Flavor: r-devel-linux-x86_64-debian-clang
These binaries (installable software) and packages are in development.
They may not be fully stable and should be used with caution. We make no claims about them.