Last updated on 2025-05-22 06:51:46 CEST.
Flavor | Version | Tinstall | Tcheck | Ttotal | Status | Flags |
---|---|---|---|---|---|---|
r-devel-linux-x86_64-debian-clang | 1.15.8 | 27.67 | 230.73 | 258.40 | NOTE | |
r-devel-linux-x86_64-debian-gcc | 1.15.8 | 15.16 | 146.03 | 161.19 | NOTE | |
r-devel-linux-x86_64-fedora-clang | 1.15.8 | 402.11 | OK | |||
r-devel-linux-x86_64-fedora-gcc | 1.15.8 | 398.78 | OK | |||
r-devel-windows-x86_64 | 1.15.8 | 25.00 | 185.00 | 210.00 | OK | |
r-patched-linux-x86_64 | 1.15.8 | 24.82 | 215.31 | 240.13 | OK | |
r-release-linux-x86_64 | 1.15.8 | 25.93 | 214.66 | 240.59 | OK | |
r-release-macos-arm64 | 1.15.8 | 92.00 | OK | |||
r-release-macos-x86_64 | 1.15.8 | 188.00 | OK | |||
r-release-windows-x86_64 | 1.15.8 | 24.00 | 179.00 | 203.00 | OK | |
r-oldrel-macos-arm64 | 1.15.8 | 81.00 | OK | |||
r-oldrel-macos-x86_64 | 1.15.8 | 135.00 | OK | |||
r-oldrel-windows-x86_64 | 1.15.8 | 35.00 | 241.00 | 276.00 | OK |
Version: 1.15.8
Check: CRAN incoming feasibility
Result: NOTE
Maintainer: ‘Subhadip Datta <subhadipdatta007@gmail.com>’
No Authors@R field in DESCRIPTION.
Please add one, modifying
Authors@R: person(given = "Subhadip",
family = "Datta",
role = c("aut", "cre"),
email = "subhadipdatta007@gmail.com")
as necessary.
Flavors: r-devel-linux-x86_64-debian-clang, r-devel-linux-x86_64-debian-gcc
These binaries (installable software) and packages are in development.
They may not be fully stable and should be used with caution. We make no claims about them.