CRAN Package Check Results for Package GK2011

Last updated on 2025-07-01 11:49:19 CEST.

Flavor Version Tinstall Tcheck Ttotal Status Flags
r-devel-linux-x86_64-debian-clang 0.1.3 1.58 27.31 28.89 NOTE
r-devel-linux-x86_64-debian-gcc 0.1.3 1.37 21.62 22.99 NOTE
r-devel-linux-x86_64-fedora-clang 0.1.3 41.76 OK
r-devel-linux-x86_64-fedora-gcc 0.1.3 43.83 OK
r-devel-windows-x86_64 0.1.3 3.00 48.00 51.00 OK
r-patched-linux-x86_64 OK
r-release-linux-x86_64 0.1.3 1.84 24.69 26.53 OK
r-release-macos-arm64 0.1.3 20.00 OK
r-release-macos-x86_64 0.1.3 32.00 OK
r-release-windows-x86_64 0.1.3 4.00 48.00 52.00 OK
r-oldrel-macos-arm64 0.1.3 18.00 OK
r-oldrel-macos-x86_64 0.1.3 37.00 OK
r-oldrel-windows-x86_64 0.1.3 4.00 55.00 59.00 OK

Check Details

Version: 0.1.3
Check: CRAN incoming feasibility
Result: NOTE Maintainer: ‘Thomas J. Leeper <thosjleeper@gmail.com>’ Package CITATION file contains call(s) to old-style personList() or as.personList(). Please use c() on person objects instead. Package CITATION file contains call(s) to old-style citEntry(). Please use bibentry() instead. Flavors: r-devel-linux-x86_64-debian-clang, r-devel-linux-x86_64-debian-gcc

These binaries (installable software) and packages are in development.
They may not be fully stable and should be used with caution. We make no claims about them.