Last updated on 2025-05-02 02:50:55 CEST.
Flavor | Version | Tinstall | Tcheck | Ttotal | Status | Flags |
---|---|---|---|---|---|---|
r-devel-linux-x86_64-debian-clang | 1.0 | 22.45 | 26.83 | 49.28 | NOTE | |
r-devel-linux-x86_64-debian-gcc | 1.0 | 14.99 | 21.45 | 36.44 | NOTE | |
r-devel-linux-x86_64-fedora-clang | 1.0 | 85.99 | NOTE | |||
r-devel-linux-x86_64-fedora-gcc | 1.0 | 85.00 | NOTE | |||
r-devel-windows-x86_64 | 1.0 | 26.00 | 65.00 | 91.00 | OK | |
r-patched-linux-x86_64 | 1.0 | 20.00 | 25.92 | 45.92 | OK | |
r-release-linux-x86_64 | OK | |||||
r-release-macos-arm64 | 1.0 | 28.00 | OK | |||
r-release-macos-x86_64 | 1.0 | 41.00 | OK | |||
r-release-windows-x86_64 | 1.0 | 27.00 | 72.00 | 99.00 | OK | |
r-oldrel-macos-arm64 | 1.0 | 26.00 | OK | |||
r-oldrel-macos-x86_64 | 1.0 | 36.00 | OK | |||
r-oldrel-windows-x86_64 | 1.0 | 28.00 | 75.00 | 103.00 | OK |
Version: 1.0
Check: CRAN incoming feasibility
Result: NOTE
Maintainer: ‘Chong Wu <wuxx0845@umn.edu>’
No Authors@R field in DESCRIPTION.
Please add one, modifying
Authors@R: c(person(given = "Chong",
family = "Wu",
role = c("aut", "cre"),
email = "wuxx0845@umn.edu"),
person(given = "Wei",
family = "Pan",
role = "aut"))
as necessary.
Flavors: r-devel-linux-x86_64-debian-clang, r-devel-linux-x86_64-debian-gcc
Version: 1.0
Check: compiled code
Result: NOTE
File ‘GLMaSPU/libs/GLMaSPU.so’:
Found no calls to: ‘R_registerRoutines’, ‘R_useDynamicSymbols’
It is good practice to register native routines and to disable symbol
search.
See ‘Writing portable packages’ in the ‘Writing R Extensions’ manual.
Flavors: r-devel-linux-x86_64-fedora-clang, r-devel-linux-x86_64-fedora-gcc
These binaries (installable software) and packages are in development.
They may not be fully stable and should be used with caution. We make no claims about them.