Last updated on 2025-05-21 21:49:18 CEST.
Flavor | Version | Tinstall | Tcheck | Ttotal | Status | Flags |
---|---|---|---|---|---|---|
r-devel-linux-x86_64-debian-clang | 0.2.7 | 117.65 | 102.80 | 220.45 | OK | |
r-devel-linux-x86_64-debian-gcc | 0.2.7 | 96.01 | 103.45 | 199.46 | OK | |
r-devel-linux-x86_64-fedora-clang | 0.2.7 | 369.94 | OK | |||
r-devel-linux-x86_64-fedora-gcc | 0.2.7 | 478.72 | OK | |||
r-devel-windows-x86_64 | 0.2.7 | 134.00 | 194.00 | 328.00 | OK | |
r-patched-linux-x86_64 | 0.2.7 | 136.98 | 111.91 | 248.89 | OK | |
r-release-linux-x86_64 | 0.2.7 | 139.69 | 111.55 | 251.24 | OK | |
r-release-macos-arm64 | 0.2.7 | 118.00 | OK | |||
r-release-macos-x86_64 | 0.2.7 | 172.00 | OK | |||
r-release-windows-x86_64 | 0.2.7 | 129.00 | 192.00 | 321.00 | OK | |
r-oldrel-macos-arm64 | 0.2.7 | 96.00 | NOTE | |||
r-oldrel-macos-x86_64 | 0.2.7 | 152.00 | NOTE | |||
r-oldrel-windows-x86_64 | 0.2.7 | 153.00 | 199.00 | 352.00 | OK |
Version: 0.2.7
Check: installed package size
Result: NOTE
installed size is 25.1Mb
sub-directories of 1Mb or more:
libs 24.3Mb
Flavors: r-oldrel-macos-arm64, r-oldrel-macos-x86_64
These binaries (installable software) and packages are in development.
They may not be fully stable and should be used with caution. We make no claims about them.