Last updated on 2025-02-16 10:50:47 CET.
Flavor | Version | Tinstall | Tcheck | Ttotal | Status | Flags |
---|---|---|---|---|---|---|
r-devel-linux-x86_64-debian-clang | 0.2.7 | 118.57 | 101.65 | 220.22 | OK | |
r-devel-linux-x86_64-debian-gcc | 0.2.7 | 97.69 | 103.20 | 200.89 | OK | |
r-devel-linux-x86_64-fedora-clang | 0.2.7 | 374.72 | OK | |||
r-devel-linux-x86_64-fedora-gcc | 0.2.7 | 470.40 | OK | |||
r-devel-macos-arm64 | 0.2.7 | 105.00 | OK | |||
r-devel-macos-x86_64 | 0.2.7 | 155.00 | OK | |||
r-devel-windows-x86_64 | 0.2.7 | 122.00 | 186.00 | 308.00 | OK | |
r-patched-linux-x86_64 | 0.2.7 | 136.81 | 110.29 | 247.10 | OK | |
r-release-linux-x86_64 | 0.2.7 | 141.80 | 109.82 | 251.62 | OK | |
r-release-macos-arm64 | 0.2.7 | 96.00 | NOTE | |||
r-release-macos-x86_64 | 0.2.7 | 152.00 | NOTE | |||
r-release-windows-x86_64 | 0.2.7 | 124.00 | 181.00 | 305.00 | OK | |
r-oldrel-macos-arm64 | 0.2.7 | 114.00 | NOTE | |||
r-oldrel-macos-x86_64 | 0.2.7 | 152.00 | NOTE | |||
r-oldrel-windows-x86_64 | 0.2.7 | 144.00 | 191.00 | 335.00 | OK |
Version: 0.2.7
Check: installed package size
Result: NOTE
installed size is 25.1Mb
sub-directories of 1Mb or more:
libs 24.3Mb
Flavors: r-release-macos-arm64, r-release-macos-x86_64, r-oldrel-macos-arm64, r-oldrel-macos-x86_64
These binaries (installable software) and packages are in development.
They may not be fully stable and should be used with caution. We make no claims about them.