Last updated on 2025-10-23 11:50:15 CEST.
Flavor | Version | Tinstall | Tcheck | Ttotal | Status | Flags |
---|---|---|---|---|---|---|
r-devel-linux-x86_64-debian-clang | 1.0.0 | 119.24 | 115.11 | 234.35 | NOTE | |
r-devel-linux-x86_64-debian-gcc | 1.0.0 | 96.82 | 114.87 | 211.69 | OK | |
r-devel-linux-x86_64-fedora-clang | 1.0.0 | 103.00 | 271.11 | 374.11 | OK | |
r-devel-linux-x86_64-fedora-gcc | 1.0.0 | 181.00 | 263.63 | 444.63 | OK | |
r-devel-windows-x86_64 | 1.0.0 | 129.00 | 188.00 | 317.00 | OK | |
r-patched-linux-x86_64 | 1.0.0 | 138.95 | 124.92 | 263.87 | OK | |
r-release-linux-x86_64 | 1.0.0 | 137.58 | 123.02 | 260.60 | OK | |
r-release-macos-arm64 | 1.0.0 | 47.00 | 52.00 | 99.00 | OK | |
r-release-macos-x86_64 | 1.0.0 | 43.00 | 145.00 | 188.00 | OK | |
r-release-windows-x86_64 | 1.0.0 | 130.00 | 182.00 | 312.00 | OK | |
r-oldrel-macos-arm64 | 1.0.0 | 46.00 | 58.00 | 104.00 | NOTE | |
r-oldrel-macos-x86_64 | 1.0.0 | 45.00 | 120.00 | 165.00 | NOTE | |
r-oldrel-windows-x86_64 | 1.0.0 | 158.00 | 208.00 | 366.00 | OK |
Version: 1.0.0
Check: HTML version of manual
Result: NOTE
Found the following HTML validation problems:
anova.html:51:1 (anova.Rd:12): Warning: missing </ul> before </div>
coef.html:55:1 (coef.Rd:14): Warning: missing </ul> before </div>
confint.glmcat.html:59:1 (confint.glmcat.Rd:16): Warning: missing </ul> before </div>
control_glmcat.html:54:1 (control_glmcat.Rd:14): Warning: missing </ul> before </div>
logLik.html:51:1 (logLik.Rd:12): Warning: missing </ul> before </div>
nobs.html:51:1 (nobs.Rd:12): Warning: missing </ul> before </div>
plot.html:51:1 (plot.Rd:12): Warning: missing </ul> before </div>
predict.html:63:1 (predict.Rd:20): Warning: missing </ul> before </div>
print.anova.html:55:1 (print.anova.Rd:14): Warning: missing </ul> before </div>
print.summary.glmcat.html:55:1 (print.summary.glmcat.Rd:14): Warning: missing </ul> before </div>
step.html:79:1 (step.Rd:16): Warning: missing </ul> before </div>
terms.html:51:1 (terms.Rd:12): Warning: missing </ul> before </div>
vcov.html:51:1 (vcov.Rd:12): Warning: missing </ul> before </div>
Flavor: r-devel-linux-x86_64-debian-clang
Version: 1.0.0
Check: installed package size
Result: NOTE
installed size is 25.4Mb
sub-directories of 1Mb or more:
libs 24.6Mb
Flavors: r-oldrel-macos-arm64, r-oldrel-macos-x86_64
These binaries (installable software) and packages are in development.
They may not be fully stable and should be used with caution. We make no claims about them.