Last updated on 2025-10-03 15:49:51 CEST.
Flavor | Version | Tinstall | Tcheck | Ttotal | Status | Flags |
---|---|---|---|---|---|---|
r-devel-linux-x86_64-debian-clang | 0.1.0 | 2.26 | 33.65 | 35.91 | OK | |
r-devel-linux-x86_64-debian-gcc | 0.1.0 | 1.61 | 25.28 | 26.89 | OK | |
r-devel-linux-x86_64-fedora-clang | 0.1.0 | 51.78 | NOTE | |||
r-devel-linux-x86_64-fedora-gcc | 0.1.0 | 51.84 | NOTE | |||
r-devel-windows-x86_64 | 0.1.0 | 4.00 | 57.00 | 61.00 | OK | |
r-patched-linux-x86_64 | 0.1.0 | 2.11 | 31.53 | 33.64 | OK | |
r-release-linux-x86_64 | 0.1.0 | 2.06 | 31.90 | 33.96 | OK | |
r-release-macos-arm64 | 0.1.0 | 22.00 | OK | |||
r-release-macos-x86_64 | 0.1.0 | 33.00 | OK | |||
r-release-windows-x86_64 | 0.1.0 | 5.00 | 57.00 | 62.00 | OK | |
r-oldrel-macos-arm64 | 0.1.0 | 20.00 | OK | |||
r-oldrel-macos-x86_64 | 0.1.0 | 28.00 | OK | |||
r-oldrel-windows-x86_64 | 0.1.0 | 5.00 | 65.00 | 70.00 | OK |
Version: 0.1.0
Check: dependencies in R code
Result: NOTE
Namespaces in Imports field not imported from:
‘AER’ ‘MASS’ ‘Matrix’ ‘censReg’ ‘effects’ ‘foreign’ ‘lme4’ ‘lmtest’
‘nnet’ ‘pBrackets’ ‘plm’ ‘pscl’ ‘sandwich’
All declared Imports should be used.
Flavors: r-devel-linux-x86_64-fedora-clang, r-devel-linux-x86_64-fedora-gcc
These binaries (installable software) and packages are in development.
They may not be fully stable and should be used with caution. We make no claims about them.