CRAN Package Check Results for Package GMDH2

Last updated on 2025-05-07 22:48:29 CEST.

Flavor Version Tinstall Tcheck Ttotal Status Flags
r-devel-linux-x86_64-debian-clang 1.8 12.79 96.87 109.66 NOTE
r-devel-linux-x86_64-debian-gcc 1.8 7.20 65.81 73.01 NOTE
r-devel-linux-x86_64-fedora-clang 1.8 158.71 OK
r-devel-linux-x86_64-fedora-gcc 1.8 158.76 OK
r-devel-windows-x86_64 1.8 13.00 98.00 111.00 OK
r-patched-linux-x86_64 1.8 12.04 89.48 101.52 OK
r-release-linux-x86_64 1.8 11.49 90.26 101.75 OK
r-release-macos-arm64 1.8 47.00 OK
r-release-macos-x86_64 1.8 82.00 OK
r-release-windows-x86_64 1.8 15.00 101.00 116.00 OK
r-oldrel-macos-arm64 1.8 44.00 OK
r-oldrel-macos-x86_64 1.8 103.00 OK
r-oldrel-windows-x86_64 1.8 18.00 124.00 142.00 OK

Check Details

Version: 1.8
Check: CRAN incoming feasibility
Result: NOTE Maintainer: ‘Osman Dag <osman.dag@outlook.com>’ No Authors@R field in DESCRIPTION. Please add one, modifying Authors@R: c(person(given = "Osman", family = "Dag", role = c("aut", "cre"), email = "osman.dag@outlook.com"), person(given = "Erdem", family = "Karabulut", role = "aut"), person(given = "Reha", family = "Alpar", role = "aut"), person(given = "Merve", family = "Kasikci", role = "ctb")) as necessary. Flavors: r-devel-linux-x86_64-debian-clang, r-devel-linux-x86_64-debian-gcc

These binaries (installable software) and packages are in development.
They may not be fully stable and should be used with caution. We make no claims about them.