Last updated on 2024-07-27 15:50:19 CEST.
Flavor | Version | Tinstall | Tcheck | Ttotal | Status | Flags |
---|---|---|---|---|---|---|
r-devel-linux-x86_64-debian-clang | 0.3.4 | 4.85 | 55.06 | 59.91 | OK | |
r-devel-linux-x86_64-debian-gcc | 0.3.4 | OK | ||||
r-devel-linux-x86_64-fedora-clang | 0.3.4 | 77.25 | NOTE | |||
r-devel-linux-x86_64-fedora-gcc | 0.3.4 | 86.00 | NOTE | |||
r-devel-windows-x86_64 | 0.3.4 | 4.00 | 82.00 | 86.00 | OK | |
r-patched-linux-x86_64 | 0.3.4 | OK | ||||
r-release-linux-x86_64 | 0.3.4 | 4.47 | 54.10 | 58.57 | OK | |
r-release-macos-arm64 | 0.3.4 | 60.00 | OK | |||
r-release-macos-x86_64 | 0.3.4 | 79.00 | OK | |||
r-release-windows-x86_64 | 0.3.4 | 5.00 | 77.00 | 82.00 | OK | |
r-oldrel-macos-arm64 | 0.3.4 | 62.00 | OK | |||
r-oldrel-macos-x86_64 | 0.3.4 | 73.00 | OK | |||
r-oldrel-windows-x86_64 | 0.3.4 | 5.00 | 96.00 | 101.00 | OK |
Version: 0.3.4
Check: data for non-ASCII characters
Result: NOTE
Note: found 3 marked UTF-8 strings
Flavors: r-devel-linux-x86_64-fedora-clang, r-devel-linux-x86_64-fedora-gcc
These binaries (installable software) and packages are in development.
They may not be fully stable and should be used with caution. We make no claims about them.