CRAN Package Check Results for Package GOCompare

Last updated on 2025-11-13 21:49:58 CET.

Flavor Version Tinstall Tcheck Ttotal Status Flags
r-devel-linux-x86_64-debian-clang 1.0.2.2 16.02 110.54 126.56 NOTE
r-devel-linux-x86_64-debian-gcc 1.0.2.2 10.81 77.75 88.56 NOTE
r-devel-linux-x86_64-fedora-clang 1.0.2.2 34.00 155.72 189.72 NOTE
r-devel-linux-x86_64-fedora-gcc 1.0.2.2 71.00 125.97 196.97 NOTE
r-devel-windows-x86_64 1.0.2.2 18.00 122.00 140.00 NOTE
r-patched-linux-x86_64 1.0.2.2 14.91 103.66 118.57 OK
r-release-linux-x86_64 1.0.2.2 15.30 103.68 118.98 OK
r-release-macos-arm64 1.0.2.2 6.00 48.00 54.00 OK
r-release-macos-x86_64 1.0.2.2 12.00 124.00 136.00 OK
r-release-windows-x86_64 1.0.2.2 16.00 121.00 137.00 OK
r-oldrel-macos-arm64 1.0.2.2 6.00 55.00 61.00 OK
r-oldrel-macos-x86_64 1.0.2.2 14.00 118.00 132.00 OK
r-oldrel-windows-x86_64 1.0.2.2 24.00 160.00 184.00 OK

Check Details

Version: 1.0.2.2
Check: Rd files
Result: NOTE checkRd: (-1) evaluateCAT_species.Rd:30-34: Only 3 columns allowed in this table (row 1 has 2) checkRd: (-1) evaluateCAT_species.Rd:30-34: Only 3 columns allowed in this table (row 2 has 2) checkRd: (-1) evaluateCAT_species.Rd:30-34: Only 3 columns allowed in this table (row 3 has 2) checkRd: (-1) evaluateGO_species.Rd:30-34: Only 3 columns allowed in this table (row 1 has 2) checkRd: (-1) evaluateGO_species.Rd:30-34: Only 3 columns allowed in this table (row 2 has 2) checkRd: (-1) evaluateGO_species.Rd:30-34: Only 3 columns allowed in this table (row 3 has 2) Flavors: r-devel-linux-x86_64-debian-clang, r-devel-linux-x86_64-debian-gcc, r-devel-linux-x86_64-fedora-clang, r-devel-windows-x86_64

Version: 1.0.2.2
Check: dependencies in R code
Result: NOTE Namespaces in Imports field not imported from: ‘base’ ‘methods’ All declared Imports should be used. Flavors: r-devel-linux-x86_64-fedora-clang, r-devel-linux-x86_64-fedora-gcc

Version: 1.0.2.2
Check: HTML version of manual
Result: NOTE Found the following HTML validation problems: GOCompare.html:1049:1 (graph_two_GOspecies.Rd:88): Warning: <script> anchor "MathJax-script" already defined Flavor: r-devel-linux-x86_64-fedora-gcc

These binaries (installable software) and packages are in development.
They may not be fully stable and should be used with caution. We make no claims about them.