Last updated on 2025-10-23 23:49:31 CEST.
| Flavor | Version | Tinstall | Tcheck | Ttotal | Status | Flags |
|---|---|---|---|---|---|---|
| r-devel-linux-x86_64-debian-clang | 1.0.2.2 | 14.73 | 110.83 | 125.56 | OK | |
| r-devel-linux-x86_64-debian-gcc | 1.0.2.2 | 10.18 | 79.97 | 90.15 | NOTE | |
| r-devel-linux-x86_64-fedora-clang | 1.0.2.2 | 77.00 | 127.03 | 204.03 | NOTE | |
| r-devel-linux-x86_64-fedora-gcc | 1.0.2.2 | 31.00 | 144.74 | 175.74 | NOTE | |
| r-devel-windows-x86_64 | 1.0.2.2 | 17.00 | 123.00 | 140.00 | OK | |
| r-patched-linux-x86_64 | 1.0.2.2 | 14.48 | 102.39 | 116.87 | OK | |
| r-release-linux-x86_64 | 1.0.2.2 | 15.05 | 104.47 | 119.52 | OK | |
| r-release-macos-arm64 | 1.0.2.2 | 6.00 | 48.00 | 54.00 | OK | |
| r-release-macos-x86_64 | 1.0.2.2 | 12.00 | 124.00 | 136.00 | OK | |
| r-release-windows-x86_64 | 1.0.2.2 | 17.00 | 126.00 | 143.00 | OK | |
| r-oldrel-macos-arm64 | 1.0.2.2 | 6.00 | 55.00 | 61.00 | OK | |
| r-oldrel-macos-x86_64 | 1.0.2.2 | 14.00 | 118.00 | 132.00 | OK | |
| r-oldrel-windows-x86_64 | 1.0.2.2 | 24.00 | 163.00 | 187.00 | OK |
Version: 1.0.2.2
Check: Rd files
Result: NOTE
checkRd: (-1) evaluateCAT_species.Rd:30-34: Only 3 columns allowed in this table (row 1 has 2)
checkRd: (-1) evaluateCAT_species.Rd:30-34: Only 3 columns allowed in this table (row 2 has 2)
checkRd: (-1) evaluateCAT_species.Rd:30-34: Only 3 columns allowed in this table (row 3 has 2)
checkRd: (-1) evaluateGO_species.Rd:30-34: Only 3 columns allowed in this table (row 1 has 2)
checkRd: (-1) evaluateGO_species.Rd:30-34: Only 3 columns allowed in this table (row 2 has 2)
checkRd: (-1) evaluateGO_species.Rd:30-34: Only 3 columns allowed in this table (row 3 has 2)
Flavor: r-devel-linux-x86_64-debian-gcc
Version: 1.0.2.2
Check: dependencies in R code
Result: NOTE
Namespaces in Imports field not imported from:
‘base’ ‘methods’
All declared Imports should be used.
Flavors: r-devel-linux-x86_64-fedora-clang, r-devel-linux-x86_64-fedora-gcc
These binaries (installable software) and packages are in development.
They may not be fully stable and should be used with caution. We make no claims about them.