CRAN Package Check Results for Package GOFShiny

Last updated on 2025-04-16 00:49:42 CEST.

Flavor Version Tinstall Tcheck Ttotal Status Flags
r-devel-linux-x86_64-debian-clang 0.1.0 1.66 15.76 17.42 OK
r-devel-linux-x86_64-debian-gcc 0.1.0 1.40 12.85 14.25 OK
r-devel-linux-x86_64-fedora-clang 0.1.0 28.24 NOTE
r-devel-linux-x86_64-fedora-gcc 0.1.0 26.97 NOTE
r-devel-windows-x86_64 0.1.0 3.00 36.00 39.00 OK
r-patched-linux-x86_64 0.1.0 1.76 15.58 17.34 OK
r-release-linux-x86_64 0.1.0 1.62 15.33 16.95 OK
r-release-macos-arm64 0.1.0 16.00 OK
r-release-macos-x86_64 0.1.0 23.00 OK
r-release-windows-x86_64 0.1.0 3.00 36.00 39.00 OK
r-oldrel-macos-arm64 0.1.0 14.00 NOTE
r-oldrel-macos-x86_64 0.1.0 26.00 NOTE
r-oldrel-windows-x86_64 0.1.0 3.00 38.00 41.00 NOTE

Check Details

Version: 0.1.0
Check: dependencies in R code
Result: NOTE Namespaces in Imports field not imported from: ‘rhandsontable’ ‘shiny’ ‘stats’ All declared Imports should be used. Flavors: r-devel-linux-x86_64-fedora-clang, r-devel-linux-x86_64-fedora-gcc

Version: 0.1.0
Check: LazyData
Result: NOTE 'LazyData' is specified without a 'data' directory Flavors: r-oldrel-macos-arm64, r-oldrel-macos-x86_64, r-oldrel-windows-x86_64

These binaries (installable software) and packages are in development.
They may not be fully stable and should be used with caution. We make no claims about them.